{"id":103260,"date":"2024-06-03T14:31:23","date_gmt":"2024-06-03T12:31:23","guid":{"rendered":"https:\/\/pop-co.fr\/index.php\/product\/verre-disney-mechante-reine\/"},"modified":"2025-06-28T12:58:32","modified_gmt":"2025-06-28T10:58:32","slug":"verre-disney-mechante-reine","status":"publish","type":"product","link":"https:\/\/pop-co.fr\/index.php\/product\/verre-disney-mechante-reine\/","title":{"rendered":"M\u00e9chante reine (Blanche Neige et les 7 nains)"},"content":{"rendered":"<p>Une m\u00e9chante reine de DISNEY\u00ae.<\/p>\n<p>Cette verrerie enchanteresse est incroyablement color\u00e9e et c\u00e9l\u00e8bre le c\u00f4t\u00e9 obscur de Disney.<\/p>\n<p>Le verre violet pr\u00e9sente une finition brillante, avec une image imprim\u00e9e de la m\u00e9chante reine de Blanche-Neige et les Sept Nains et le titre \u00ab Pomme empoisonn\u00e9e, m\u00e9chante sorci\u00e8re \u00bb. Sur le c\u00f4t\u00e9 oppos\u00e9 se trouve une image compl\u00e9mentaire \u00ab pomme pourrie \u00bb \u00e0 c\u00f4t\u00e9 de la mention \u00ab Just One Bite \u00bb.<\/p>\n<p>Le verre est emball\u00e9 dans une bo\u00eete de marque.<\/p>\n","protected":false},"excerpt":{"rendered":"<p>Une m\u00e9chante reine de DISNEY\u00ae. Cette verrerie enchanteresse est incroyablement color\u00e9e et c\u00e9l\u00e8bre le c\u00f4t\u00e9 obscur de Disney. Le verre violet pr\u00e9sente une finition brillante, avec une image imprim\u00e9e de la m\u00e9chante reine de Blanche-Neige et les Sept Nains et le titre \u00ab Pomme empoisonn\u00e9e, m\u00e9chante sorci\u00e8re \u00bb. Sur le c\u00f4t\u00e9 oppos\u00e9 se trouve une [&hellip;]<\/p>\n","protected":false},"featured_media":312318,"comment_status":"open","ping_status":"closed","template":"","meta":[],"product_cat":[29],"product_tag":[],"aioseo_notices":[],"jetpack_sharing_enabled":true,"_links":{"self":[{"href":"https:\/\/pop-co.fr\/index.php\/wp-json\/wp\/v2\/product\/103260"}],"collection":[{"href":"https:\/\/pop-co.fr\/index.php\/wp-json\/wp\/v2\/product"}],"about":[{"href":"https:\/\/pop-co.fr\/index.php\/wp-json\/wp\/v2\/types\/product"}],"replies":[{"embeddable":true,"href":"https:\/\/pop-co.fr\/index.php\/wp-json\/wp\/v2\/comments?post=103260"}],"version-history":[{"count":0,"href":"https:\/\/pop-co.fr\/index.php\/wp-json\/wp\/v2\/product\/103260\/revisions"}],"wp:featuredmedia":[{"embeddable":true,"href":"https:\/\/pop-co.fr\/index.php\/wp-json\/wp\/v2\/media\/312318"}],"wp:attachment":[{"href":"https:\/\/pop-co.fr\/index.php\/wp-json\/wp\/v2\/media?parent=103260"}],"wp:term":[{"taxonomy":"product_cat","embeddable":true,"href":"https:\/\/pop-co.fr\/index.php\/wp-json\/wp\/v2\/product_cat?post=103260"},{"taxonomy":"product_tag","embeddable":true,"href":"https:\/\/pop-co.fr\/index.php\/wp-json\/wp\/v2\/product_tag?post=103260"}],"curies":[{"name":"wp","href":"https:\/\/api.w.org\/{rel}","templated":true}]}}