{"id":10555,"date":"2024-02-20T21:00:48","date_gmt":"2024-02-20T20:00:48","guid":{"rendered":"https:\/\/pop-co.fr\/index.php\/product\/papertoy-pokemon-starters-kanto-1g\/"},"modified":"2025-06-28T14:52:36","modified_gmt":"2025-06-28T12:52:36","slug":"papertoy-pokemon-starters-kanto-1g","status":"publish","type":"product","link":"https:\/\/pop-co.fr\/index.php\/product\/papertoy-pokemon-starters-kanto-1g\/","title":{"rendered":"PAPERTOY &#8211; POKEMON &#8211; Starters Kanto 1G"},"content":{"rendered":"<p>Pok\u00e9mon s&rsquo;installe partout et pourquoi pas dans votre salon ? Suivez les instructions et construisez facilement ces trois Pok\u00e9mon embl\u00e9matiques hauts de 25 centim\u00e8tres. Gr\u00e2ce \u00e0 un pas \u00e0 pas simple et complet, fabriquez vous-m\u00eame votre Pok\u00e9mon pr\u00e9f\u00e9r\u00e9. Tout est inclus, il ne vous reste plus qu&rsquo;\u00e0 vous mettre au travail et \u00e0 devenir le meilleur des Dresseurs !<\/p>\n<p>Dans la m\u00eame collection, construisez votre Pikachu et sa pok\u00e9ball !<\/p>\n","protected":false},"excerpt":{"rendered":"<p>Pok\u00e9mon s&rsquo;installe partout et pourquoi pas dans votre salon ? Suivez les instructions et construisez facilement ces trois Pok\u00e9mon embl\u00e9matiques hauts de 25 centim\u00e8tres. Gr\u00e2ce \u00e0 un pas \u00e0 pas simple et complet, fabriquez vous-m\u00eame votre Pok\u00e9mon pr\u00e9f\u00e9r\u00e9. Tout est inclus, il ne vous reste plus qu&rsquo;\u00e0 vous mettre au travail et \u00e0 devenir le [&hellip;]<\/p>\n","protected":false},"featured_media":279974,"comment_status":"open","ping_status":"closed","template":"","meta":[],"product_cat":[34,20],"product_tag":[],"aioseo_notices":[],"jetpack_sharing_enabled":true,"_links":{"self":[{"href":"https:\/\/pop-co.fr\/index.php\/wp-json\/wp\/v2\/product\/10555"}],"collection":[{"href":"https:\/\/pop-co.fr\/index.php\/wp-json\/wp\/v2\/product"}],"about":[{"href":"https:\/\/pop-co.fr\/index.php\/wp-json\/wp\/v2\/types\/product"}],"replies":[{"embeddable":true,"href":"https:\/\/pop-co.fr\/index.php\/wp-json\/wp\/v2\/comments?post=10555"}],"version-history":[{"count":0,"href":"https:\/\/pop-co.fr\/index.php\/wp-json\/wp\/v2\/product\/10555\/revisions"}],"wp:featuredmedia":[{"embeddable":true,"href":"https:\/\/pop-co.fr\/index.php\/wp-json\/wp\/v2\/media\/279974"}],"wp:attachment":[{"href":"https:\/\/pop-co.fr\/index.php\/wp-json\/wp\/v2\/media?parent=10555"}],"wp:term":[{"taxonomy":"product_cat","embeddable":true,"href":"https:\/\/pop-co.fr\/index.php\/wp-json\/wp\/v2\/product_cat?post=10555"},{"taxonomy":"product_tag","embeddable":true,"href":"https:\/\/pop-co.fr\/index.php\/wp-json\/wp\/v2\/product_tag?post=10555"}],"curies":[{"name":"wp","href":"https:\/\/api.w.org\/{rel}","templated":true}]}}