{"id":11042,"date":"2024-02-20T21:11:00","date_gmt":"2024-02-20T20:11:00","guid":{"rendered":"https:\/\/pop-co.fr\/index.php\/product\/sac-bandouliere-loungefly-disney-ursula-la-petite-sirene\/"},"modified":"2025-06-28T14:56:50","modified_gmt":"2025-06-28T12:56:50","slug":"sac-bandouliere-loungefly-disney-ursula-la-petite-sirene","status":"publish","type":"product","link":"https:\/\/pop-co.fr\/index.php\/product\/sac-bandouliere-loungefly-disney-ursula-la-petite-sirene\/","title":{"rendered":"SAC BANDOULIERE LOUNGEFLY &#8211; DISNEY &#8211; Ursula (La petite sir\u00e8ne)"},"content":{"rendered":"<p>Tracez un plan diabolique avec la collection Ursula de Loungefly, inspir\u00e9e de La Petite Sir\u00e8ne !<\/p>\n<p>Ariel, la plus jeune fille du roi Triton, r\u00eave de vivre sur la terre ferme. Lors d&rsquo;une de ses visites \u00e0 la surface, qui sont interdites par son p\u00e8re, elle tombe amoureuse d&rsquo;un prince humain. Dans l&rsquo;espoir de gagner son c\u0153ur, Ariel conclut un accord avec la rus\u00e9e sorci\u00e8re des mers pour devenir humaine pendant trois jours, sans savoir que tout cela fait partie du plan diabolique d&rsquo;Ursula pour renverser Triton et r\u00e9gner sur les mers.<\/p>\n<p>Au fond de l&rsquo;oc\u00e9an, dans son repaire, Ursula \u00e9labore un plan brillant pour usurper le tr\u00f4ne. Ses tentacules appliqu\u00e9s se d\u00e9ploient derri\u00e8re elle et se faufilent sur les bords du sac, tandis que la gravure en relief fait ressortir tous les d\u00e9tails. Un tentacule sert m\u00eame de fermoir au sac, tandis que Flotsam et Jetsam nagent au dos. \u00c9teignez les lumi\u00e8res et ce design diabolique brille dans le noir !<\/p>\n<p>Caract\u00e9ristiques du produit :<\/p>\n<p>Brille dans le noir<br \/>\nFaux cuir<br \/>\nBandouli\u00e8re r\u00e9glable<br \/>\nApplique<br \/>\nD\u00e9tails imprim\u00e9s<\/p>\n","protected":false},"excerpt":{"rendered":"<p>Tracez un plan diabolique avec la collection Ursula de Loungefly, inspir\u00e9e de La Petite Sir\u00e8ne ! Ariel, la plus jeune fille du roi Triton, r\u00eave de vivre sur la terre ferme. Lors d&rsquo;une de ses visites \u00e0 la surface, qui sont interdites par son p\u00e8re, elle tombe amoureuse d&rsquo;un prince humain. Dans l&rsquo;espoir de gagner [&hellip;]<\/p>\n","protected":false},"featured_media":152101,"comment_status":"open","ping_status":"closed","template":"","meta":[],"product_cat":[47,48],"product_tag":[],"aioseo_notices":[],"jetpack_sharing_enabled":true,"_links":{"self":[{"href":"https:\/\/pop-co.fr\/index.php\/wp-json\/wp\/v2\/product\/11042"}],"collection":[{"href":"https:\/\/pop-co.fr\/index.php\/wp-json\/wp\/v2\/product"}],"about":[{"href":"https:\/\/pop-co.fr\/index.php\/wp-json\/wp\/v2\/types\/product"}],"replies":[{"embeddable":true,"href":"https:\/\/pop-co.fr\/index.php\/wp-json\/wp\/v2\/comments?post=11042"}],"version-history":[{"count":0,"href":"https:\/\/pop-co.fr\/index.php\/wp-json\/wp\/v2\/product\/11042\/revisions"}],"wp:featuredmedia":[{"embeddable":true,"href":"https:\/\/pop-co.fr\/index.php\/wp-json\/wp\/v2\/media\/152101"}],"wp:attachment":[{"href":"https:\/\/pop-co.fr\/index.php\/wp-json\/wp\/v2\/media?parent=11042"}],"wp:term":[{"taxonomy":"product_cat","embeddable":true,"href":"https:\/\/pop-co.fr\/index.php\/wp-json\/wp\/v2\/product_cat?post=11042"},{"taxonomy":"product_tag","embeddable":true,"href":"https:\/\/pop-co.fr\/index.php\/wp-json\/wp\/v2\/product_tag?post=11042"}],"curies":[{"name":"wp","href":"https:\/\/api.w.org\/{rel}","templated":true}]}}