{"id":11056,"date":"2024-02-20T21:11:14","date_gmt":"2024-02-20T20:11:14","guid":{"rendered":"https:\/\/pop-co.fr\/index.php\/product\/sac-a-dos-loungefly-mha-deku-infinity-cosplay\/"},"modified":"2025-07-29T10:38:56","modified_gmt":"2025-07-29T08:38:56","slug":"sac-a-dos-loungefly-mha-deku-infinity-cosplay","status":"publish","type":"product","link":"https:\/\/pop-co.fr\/index.php\/product\/sac-a-dos-loungefly-mha-deku-infinity-cosplay\/","title":{"rendered":"SAC A DOS LOUNGEFLY &#8211; MHA &#8211; Deku infinity (cosplay)"},"content":{"rendered":"<p>Cassez tout ! Portez ce mini-sac \u00e0 dos My Hero Academia Pop ! by Loungefly Deku Infinity Cosplay pour gagner la journ\u00e9e.<br \/>\nQue tu aies \u00e0 suivre un entra\u00eenement de h\u00e9ros ou que tu aies juste quelques affaires \u00e0 emporter, ce sac \u00e0 dos te permet de ne jamais abandonner, \u00e0 la mani\u00e8re de Deku.<br \/>\nSur le devant, Deku prend vie dans les d\u00e9tails de l&rsquo;applique, ses cheveux se dressant sur le dessus.<br \/>\nDerri\u00e8re lui, Eri lui donne de la force, et elle bouge &#8211; elle appara\u00eet et dispara\u00eet sous la forme d&rsquo;une applique mobile !<br \/>\nDes \u00e9clairs l&rsquo;entourent lorsqu&rsquo;il utilise One for All, et les d\u00e9tails entourent les poches lat\u00e9rales. Dans l&rsquo;obscurit\u00e9, les \u00e9clairs bleus brillent.<br \/>\nAu dos, Deku et Eri font une nouvelle apparition.<br \/>\nC&rsquo;est l&rsquo;accessoire parfait pour emporter tout ce dont un Pro Hero a besoin, ou pour transformer les sorties de tous les jours en aventures spectaculaires.<br \/>\nLes caract\u00e9ristiques du sac \u00e0 dos comprennent des \u00e9l\u00e9ments m\u00e9talliques argent\u00e9s et brillants, des sangles r\u00e9glables, du cuir v\u00e9g\u00e9talien (polyur\u00e9thane), des appliques amovibles, des \u00e9l\u00e9ments lumineux et des d\u00e9tails brod\u00e9s.<br \/>\nNotez la doublure coordonn\u00e9e.<br \/>\nCe sac \u00e0 dos est un produit My Hero Academia sous licence officielle.<br \/>\nDimensions du sac \u00e0 dos : 22,8 cm L x 26,6 cm H x 11,4 cm P (Remarque : la largeur est mesur\u00e9e sur le fond du sac \u00e0 dos).<\/p>\n","protected":false},"excerpt":{"rendered":"<p>Cassez tout ! Portez ce mini-sac \u00e0 dos My Hero Academia Pop ! by Loungefly Deku Infinity Cosplay pour gagner la journ\u00e9e. Que tu aies \u00e0 suivre un entra\u00eenement de h\u00e9ros ou que tu aies juste quelques affaires \u00e0 emporter, ce sac \u00e0 dos te permet de ne jamais abandonner, \u00e0 la mani\u00e8re de Deku. [&hellip;]<\/p>\n","protected":false},"featured_media":355561,"comment_status":"open","ping_status":"closed","template":"","meta":[],"product_cat":[47,48],"product_tag":[],"aioseo_notices":[],"jetpack_sharing_enabled":true,"_links":{"self":[{"href":"https:\/\/pop-co.fr\/index.php\/wp-json\/wp\/v2\/product\/11056"}],"collection":[{"href":"https:\/\/pop-co.fr\/index.php\/wp-json\/wp\/v2\/product"}],"about":[{"href":"https:\/\/pop-co.fr\/index.php\/wp-json\/wp\/v2\/types\/product"}],"replies":[{"embeddable":true,"href":"https:\/\/pop-co.fr\/index.php\/wp-json\/wp\/v2\/comments?post=11056"}],"version-history":[{"count":0,"href":"https:\/\/pop-co.fr\/index.php\/wp-json\/wp\/v2\/product\/11056\/revisions"}],"wp:featuredmedia":[{"embeddable":true,"href":"https:\/\/pop-co.fr\/index.php\/wp-json\/wp\/v2\/media\/355561"}],"wp:attachment":[{"href":"https:\/\/pop-co.fr\/index.php\/wp-json\/wp\/v2\/media?parent=11056"}],"wp:term":[{"taxonomy":"product_cat","embeddable":true,"href":"https:\/\/pop-co.fr\/index.php\/wp-json\/wp\/v2\/product_cat?post=11056"},{"taxonomy":"product_tag","embeddable":true,"href":"https:\/\/pop-co.fr\/index.php\/wp-json\/wp\/v2\/product_tag?post=11056"}],"curies":[{"name":"wp","href":"https:\/\/api.w.org\/{rel}","templated":true}]}}