{"id":11219,"date":"2024-02-20T21:14:32","date_gmt":"2024-02-20T20:14:32","guid":{"rendered":"https:\/\/pop-co.fr\/index.php\/product\/chibi-poster-one-piece-wanted-kaido\/"},"modified":"2025-09-03T12:43:53","modified_gmt":"2025-09-03T10:43:53","slug":"chibi-poster-one-piece-wanted-kaido","status":"publish","type":"product","link":"https:\/\/pop-co.fr\/index.php\/product\/chibi-poster-one-piece-wanted-kaido\/","title":{"rendered":"CHIBI POSTER &#8211; ONE PIECE &#8211; Wanted Kaido"},"content":{"rendered":"<p>ONE PIECE &#8211; Poster \u00abWanted Kaido\u00bb (52&#215;38)<br \/>\nLe journal vient de tomber la nouvelle prime de Kaido est l\u00e0 ! Apr\u00e8s ses exploits dans le Nouveau Monde avec son \u00e9quipage, la cr\u00e9ature la plus redoutable de toutes les mers poss\u00e8de une prime vraiment extraordinaire \u00e0 4 611 100 000 de berries sur ce poster Wanted One Piece par GBEye.<\/p>\n<p>&#8211; Excellent grammage : 170 g\/m\u00b2 et pelliculage brillant. Impression haute qualit\u00e9 en offset.<br \/>\n&#8211; Les posters mesurent 52 x 38 cm, en format portrait ou paysage selon les mod\u00e8les.<\/p>\n","protected":false},"excerpt":{"rendered":"<p>ONE PIECE &#8211; Poster \u00abWanted Kaido\u00bb (52&#215;38) Le journal vient de tomber la nouvelle prime de Kaido est l\u00e0 ! Apr\u00e8s ses exploits dans le Nouveau Monde avec son \u00e9quipage, la cr\u00e9ature la plus redoutable de toutes les mers poss\u00e8de une prime vraiment extraordinaire \u00e0 4 611 100 000 de berries sur ce poster Wanted [&hellip;]<\/p>\n","protected":false},"featured_media":358055,"comment_status":"open","ping_status":"closed","template":"","meta":[],"product_cat":[76],"product_tag":[],"aioseo_notices":[],"jetpack_sharing_enabled":true,"_links":{"self":[{"href":"https:\/\/pop-co.fr\/index.php\/wp-json\/wp\/v2\/product\/11219"}],"collection":[{"href":"https:\/\/pop-co.fr\/index.php\/wp-json\/wp\/v2\/product"}],"about":[{"href":"https:\/\/pop-co.fr\/index.php\/wp-json\/wp\/v2\/types\/product"}],"replies":[{"embeddable":true,"href":"https:\/\/pop-co.fr\/index.php\/wp-json\/wp\/v2\/comments?post=11219"}],"version-history":[{"count":0,"href":"https:\/\/pop-co.fr\/index.php\/wp-json\/wp\/v2\/product\/11219\/revisions"}],"wp:featuredmedia":[{"embeddable":true,"href":"https:\/\/pop-co.fr\/index.php\/wp-json\/wp\/v2\/media\/358055"}],"wp:attachment":[{"href":"https:\/\/pop-co.fr\/index.php\/wp-json\/wp\/v2\/media?parent=11219"}],"wp:term":[{"taxonomy":"product_cat","embeddable":true,"href":"https:\/\/pop-co.fr\/index.php\/wp-json\/wp\/v2\/product_cat?post=11219"},{"taxonomy":"product_tag","embeddable":true,"href":"https:\/\/pop-co.fr\/index.php\/wp-json\/wp\/v2\/product_tag?post=11219"}],"curies":[{"name":"wp","href":"https:\/\/api.w.org\/{rel}","templated":true}]}}