{"id":11421,"date":"2024-02-20T21:19:17","date_gmt":"2024-02-20T20:19:17","guid":{"rendered":"https:\/\/pop-co.fr\/index.php\/product\/porte-cles-pop-marvel-m-o-d-o-k-ant-man-quantumania\/"},"modified":"2025-07-29T10:37:55","modified_gmt":"2025-07-29T08:37:55","slug":"porte-cles-pop-marvel-m-o-d-o-k-ant-man-quantumania","status":"publish","type":"product","link":"https:\/\/pop-co.fr\/index.php\/product\/porte-cles-pop-marvel-m-o-d-o-k-ant-man-quantumania\/","title":{"rendered":"PORTE CLES POP &#8211; MARVEL &#8211; M.O.D.O.K. (Ant-Man : Quantumania)"},"content":{"rendered":"<p>Dans Ant-Man et la Gu\u00eape : Quantumania, Ant-Man et la Gu\u00eape doivent prot\u00e9ger le monde contre le mal, affronter des situations difficiles et se d\u00e9passer au-del\u00e0 de ce qu&rsquo;ils croyaient impossible !<\/p>\n<p>Flottant sur sa chaise apocalyptique, M.O.D.O.K. part pour de grandes aventures sous la forme d&rsquo;un porte-cl\u00e9s Funko Pop ! Porte-cl\u00e9s en vinyle !<\/p>\n<p>Commande M.O.D.O.K. pour ta collection Funko et donne \u00e0 Ant-Man et la Gu\u00eape un m\u00e9chant \u00e0 combattre !<\/p>\n","protected":false},"excerpt":{"rendered":"<p>Dans Ant-Man et la Gu\u00eape : Quantumania, Ant-Man et la Gu\u00eape doivent prot\u00e9ger le monde contre le mal, affronter des situations difficiles et se d\u00e9passer au-del\u00e0 de ce qu&rsquo;ils croyaient impossible ! Flottant sur sa chaise apocalyptique, M.O.D.O.K. part pour de grandes aventures sous la forme d&rsquo;un porte-cl\u00e9s Funko Pop ! Porte-cl\u00e9s en vinyle ! [&hellip;]<\/p>\n","protected":false},"featured_media":355541,"comment_status":"open","ping_status":"closed","template":"","meta":[],"product_cat":[29,63],"product_tag":[],"aioseo_notices":[],"jetpack_sharing_enabled":true,"_links":{"self":[{"href":"https:\/\/pop-co.fr\/index.php\/wp-json\/wp\/v2\/product\/11421"}],"collection":[{"href":"https:\/\/pop-co.fr\/index.php\/wp-json\/wp\/v2\/product"}],"about":[{"href":"https:\/\/pop-co.fr\/index.php\/wp-json\/wp\/v2\/types\/product"}],"replies":[{"embeddable":true,"href":"https:\/\/pop-co.fr\/index.php\/wp-json\/wp\/v2\/comments?post=11421"}],"version-history":[{"count":0,"href":"https:\/\/pop-co.fr\/index.php\/wp-json\/wp\/v2\/product\/11421\/revisions"}],"wp:featuredmedia":[{"embeddable":true,"href":"https:\/\/pop-co.fr\/index.php\/wp-json\/wp\/v2\/media\/355541"}],"wp:attachment":[{"href":"https:\/\/pop-co.fr\/index.php\/wp-json\/wp\/v2\/media?parent=11421"}],"wp:term":[{"taxonomy":"product_cat","embeddable":true,"href":"https:\/\/pop-co.fr\/index.php\/wp-json\/wp\/v2\/product_cat?post=11421"},{"taxonomy":"product_tag","embeddable":true,"href":"https:\/\/pop-co.fr\/index.php\/wp-json\/wp\/v2\/product_tag?post=11421"}],"curies":[{"name":"wp","href":"https:\/\/api.w.org\/{rel}","templated":true}]}}