{"id":11879,"date":"2024-02-20T21:30:48","date_gmt":"2024-02-20T20:30:48","guid":{"rendered":"https:\/\/pop-co.fr\/index.php\/product\/trousse-carree-marvel-captain-america\/"},"modified":"2025-06-28T15:06:53","modified_gmt":"2025-06-28T13:06:53","slug":"trousse-carree-marvel-captain-america","status":"publish","type":"product","link":"https:\/\/pop-co.fr\/index.php\/product\/trousse-carree-marvel-captain-america\/","title":{"rendered":"TROUSSE CARREE &#8211; MARVEL &#8211; Captain America"},"content":{"rendered":"<p>FAN Captain America Scratches Square Pencil Case. Captain America. Pochette \u00e0 crayons \u00e0 profil carr\u00e9 avec un seul compartiment et une fermeture \u00e0 glissi\u00e8re.<\/p>\n<p>EAN : 8445118034929<br \/>\nProduit : Sacs fourre-tout et pochettes<br \/>\nCouleur : Gris<br \/>\nFormat : Trousse \u00e0 crayons \u00e9ventail carr\u00e9<br \/>\nMarque : Captain America<br \/>\nTaille : 21cm x 8cm x 5.5cm<\/p>\n","protected":false},"excerpt":{"rendered":"<p>FAN Captain America Scratches Square Pencil Case. Captain America. Pochette \u00e0 crayons \u00e0 profil carr\u00e9 avec un seul compartiment et une fermeture \u00e0 glissi\u00e8re. EAN : 8445118034929 Produit : Sacs fourre-tout et pochettes Couleur : Gris Format : Trousse \u00e0 crayons \u00e9ventail carr\u00e9 Marque : Captain America Taille : 21cm x 8cm x 5.5cm<\/p>\n","protected":false},"featured_media":166887,"comment_status":"open","ping_status":"closed","template":"","meta":[],"product_cat":[29,63],"product_tag":[],"aioseo_notices":[],"jetpack_sharing_enabled":true,"_links":{"self":[{"href":"https:\/\/pop-co.fr\/index.php\/wp-json\/wp\/v2\/product\/11879"}],"collection":[{"href":"https:\/\/pop-co.fr\/index.php\/wp-json\/wp\/v2\/product"}],"about":[{"href":"https:\/\/pop-co.fr\/index.php\/wp-json\/wp\/v2\/types\/product"}],"replies":[{"embeddable":true,"href":"https:\/\/pop-co.fr\/index.php\/wp-json\/wp\/v2\/comments?post=11879"}],"version-history":[{"count":0,"href":"https:\/\/pop-co.fr\/index.php\/wp-json\/wp\/v2\/product\/11879\/revisions"}],"wp:featuredmedia":[{"embeddable":true,"href":"https:\/\/pop-co.fr\/index.php\/wp-json\/wp\/v2\/media\/166887"}],"wp:attachment":[{"href":"https:\/\/pop-co.fr\/index.php\/wp-json\/wp\/v2\/media?parent=11879"}],"wp:term":[{"taxonomy":"product_cat","embeddable":true,"href":"https:\/\/pop-co.fr\/index.php\/wp-json\/wp\/v2\/product_cat?post=11879"},{"taxonomy":"product_tag","embeddable":true,"href":"https:\/\/pop-co.fr\/index.php\/wp-json\/wp\/v2\/product_tag?post=11879"}],"curies":[{"name":"wp","href":"https:\/\/api.w.org\/{rel}","templated":true}]}}