{"id":12195,"date":"2024-02-20T21:38:09","date_gmt":"2024-02-20T20:38:09","guid":{"rendered":"https:\/\/pop-co.fr\/index.php\/product\/boule-de-cristal-dragon-ball-boite-metale-boules-x7\/"},"modified":"2025-06-28T15:10:49","modified_gmt":"2025-06-28T13:10:49","slug":"boule-de-cristal-dragon-ball-boite-metale-boules-x7","status":"publish","type":"product","link":"https:\/\/pop-co.fr\/index.php\/product\/boule-de-cristal-dragon-ball-boite-metale-boules-x7\/","title":{"rendered":"BOULE DE CRISTAL &#8211; DRAGON BALL &#8211; Bo\u00eete m\u00e9tale + boules x7"},"content":{"rendered":"<p>Ca y est ! Gr\u00e2ce \u00e0 l&rsquo;aide de Bulma et Goku vous \u00eates en possession des 7 boules de cristal ! Avec cette bo\u00eete en m\u00e9tal en forme du Dragon Radar contenant les 7 boules de cristal vous \u00eates maintenant capable de r\u00e9aliser votre plus grand souhait&#8230; Mais attention choisissez bien, pas comme ce coquin de Oolong !<\/p>\n<p>&#8211; R\u00e9plique du Dragon Radar incluant les 7 boules de cristal<br \/>\n&#8211; Avec sa base plate, le produit peut se tenir verticalement<br \/>\n&#8211; Mati\u00e8res : m\u00e9tal (bo\u00eete en forme de Dragon Radar), acrylique (boule de cristal)<br \/>\n&#8211; Dimensions : bo\u00eete 18,2 x 5 x19,5 cm &#8211; boule de cristal \u00e0 l&rsquo;unit\u00e9 4,3 cm de diam\u00e8tre<\/p>\n","protected":false},"excerpt":{"rendered":"<p>Ca y est ! Gr\u00e2ce \u00e0 l&rsquo;aide de Bulma et Goku vous \u00eates en possession des 7 boules de cristal ! Avec cette bo\u00eete en m\u00e9tal en forme du Dragon Radar contenant les 7 boules de cristal vous \u00eates maintenant capable de r\u00e9aliser votre plus grand souhait&#8230; Mais attention choisissez bien, pas comme ce coquin [&hellip;]<\/p>\n","protected":false},"featured_media":152295,"comment_status":"open","ping_status":"closed","template":"","meta":[],"product_cat":[23,17],"product_tag":[],"aioseo_notices":[],"jetpack_sharing_enabled":true,"_links":{"self":[{"href":"https:\/\/pop-co.fr\/index.php\/wp-json\/wp\/v2\/product\/12195"}],"collection":[{"href":"https:\/\/pop-co.fr\/index.php\/wp-json\/wp\/v2\/product"}],"about":[{"href":"https:\/\/pop-co.fr\/index.php\/wp-json\/wp\/v2\/types\/product"}],"replies":[{"embeddable":true,"href":"https:\/\/pop-co.fr\/index.php\/wp-json\/wp\/v2\/comments?post=12195"}],"version-history":[{"count":0,"href":"https:\/\/pop-co.fr\/index.php\/wp-json\/wp\/v2\/product\/12195\/revisions"}],"wp:featuredmedia":[{"embeddable":true,"href":"https:\/\/pop-co.fr\/index.php\/wp-json\/wp\/v2\/media\/152295"}],"wp:attachment":[{"href":"https:\/\/pop-co.fr\/index.php\/wp-json\/wp\/v2\/media?parent=12195"}],"wp:term":[{"taxonomy":"product_cat","embeddable":true,"href":"https:\/\/pop-co.fr\/index.php\/wp-json\/wp\/v2\/product_cat?post=12195"},{"taxonomy":"product_tag","embeddable":true,"href":"https:\/\/pop-co.fr\/index.php\/wp-json\/wp\/v2\/product_tag?post=12195"}],"curies":[{"name":"wp","href":"https:\/\/api.w.org\/{rel}","templated":true}]}}