{"id":12970,"date":"2024-02-20T21:53:52","date_gmt":"2024-02-20T20:53:52","guid":{"rendered":"https:\/\/pop-co.fr\/index.php\/product\/nanoblock-pokemon-lokhlass\/"},"modified":"2025-06-28T15:18:47","modified_gmt":"2025-06-28T13:18:47","slug":"nanoblock-pokemon-lokhlass","status":"publish","type":"product","link":"https:\/\/pop-co.fr\/index.php\/product\/nanoblock-pokemon-lokhlass\/","title":{"rendered":"NANOBLOCK &#8211; POKEMON &#8211; Lokhlass"},"content":{"rendered":"<p>Lokhlass, Loch Ness&#8230; Vous voyez la ressemblance ?<\/p>\n<p>Si l&rsquo;on devait dessiner le l\u00e9gendaire monstre, il ressemblerait beaucoup \u00e0 notre cher Lokhlass. Aussi rare, il est l&rsquo;un des Pok\u00e9mon les plus myst\u00e9rieux. Et vous le verrez quand vous aurez mont\u00e9 les pi\u00e8ces Nanoblock pour lui donner vie.<\/p>\n<p>MINI BRIQUES : Les nanoblocks sont des jeux de micro construction avec des briques \u00e0 assembler pour obtenir des miniatures 3D de diff\u00e9rents mod\u00e8les.<br \/>\nKIT COMPLET : Kit comprenant les briques pour assembler la mini figurine (dont quelques briques suppl\u00e9mentaires) et les instructions d&rsquo;assemblage d\u00e9taill\u00e9es \u00e9tape par \u00e9tape.<br \/>\nACTIVIT\u00c9 DE PR\u00c9CISION : Un loisir minutieux et ludique, recommand\u00e9 \u00e0 partir de 12 ans.<\/p>\n","protected":false},"excerpt":{"rendered":"<p>Lokhlass, Loch Ness&#8230; Vous voyez la ressemblance ? Si l&rsquo;on devait dessiner le l\u00e9gendaire monstre, il ressemblerait beaucoup \u00e0 notre cher Lokhlass. Aussi rare, il est l&rsquo;un des Pok\u00e9mon les plus myst\u00e9rieux. Et vous le verrez quand vous aurez mont\u00e9 les pi\u00e8ces Nanoblock pour lui donner vie. MINI BRIQUES : Les nanoblocks sont des jeux [&hellip;]<\/p>\n","protected":false},"featured_media":213190,"comment_status":"open","ping_status":"closed","template":"","meta":[],"product_cat":[34,20],"product_tag":[],"aioseo_notices":[],"jetpack_sharing_enabled":true,"_links":{"self":[{"href":"https:\/\/pop-co.fr\/index.php\/wp-json\/wp\/v2\/product\/12970"}],"collection":[{"href":"https:\/\/pop-co.fr\/index.php\/wp-json\/wp\/v2\/product"}],"about":[{"href":"https:\/\/pop-co.fr\/index.php\/wp-json\/wp\/v2\/types\/product"}],"replies":[{"embeddable":true,"href":"https:\/\/pop-co.fr\/index.php\/wp-json\/wp\/v2\/comments?post=12970"}],"version-history":[{"count":0,"href":"https:\/\/pop-co.fr\/index.php\/wp-json\/wp\/v2\/product\/12970\/revisions"}],"wp:featuredmedia":[{"embeddable":true,"href":"https:\/\/pop-co.fr\/index.php\/wp-json\/wp\/v2\/media\/213190"}],"wp:attachment":[{"href":"https:\/\/pop-co.fr\/index.php\/wp-json\/wp\/v2\/media?parent=12970"}],"wp:term":[{"taxonomy":"product_cat","embeddable":true,"href":"https:\/\/pop-co.fr\/index.php\/wp-json\/wp\/v2\/product_cat?post=12970"},{"taxonomy":"product_tag","embeddable":true,"href":"https:\/\/pop-co.fr\/index.php\/wp-json\/wp\/v2\/product_tag?post=12970"}],"curies":[{"name":"wp","href":"https:\/\/api.w.org\/{rel}","templated":true}]}}