{"id":1308,"date":"2024-02-20T17:36:25","date_gmt":"2024-02-20T16:36:25","guid":{"rendered":"https:\/\/pop-co.fr\/index.php\/product\/gremlins-dancing-gizmo-20cm\/"},"modified":"2025-06-28T13:06:21","modified_gmt":"2025-06-28T11:06:21","slug":"gremlins-dancing-gizmo-20cm","status":"publish","type":"product","link":"https:\/\/pop-co.fr\/index.php\/product\/gremlins-dancing-gizmo-20cm\/","title":{"rendered":"GREMLINS &#8211; Dancing Gizmo 20cm"},"content":{"rendered":"<p>Gremlins : Dancing Gizmo, <\/p>\n<p>mesure 20cm,<\/p>\n<p>syst\u00e8me \u00e9lectrique pour que Gizmo chante et balance de gauche \u00e0 droite,<\/p>\n<p>fonctionne par d\u00e9tection de bruit,<\/p>\n<p>produit pr\u00e9sent\u00e9 en bo\u00eete pr\u00e9sentoire.<\/p>\n","protected":false},"excerpt":{"rendered":"<p>Gremlins : Dancing Gizmo, mesure 20cm, syst\u00e8me \u00e9lectrique pour que Gizmo chante et balance de gauche \u00e0 droite, fonctionne par d\u00e9tection de bruit, produit pr\u00e9sent\u00e9 en bo\u00eete pr\u00e9sentoire.<\/p>\n","protected":false},"featured_media":217165,"comment_status":"open","ping_status":"closed","template":"","meta":[],"product_cat":[39,65],"product_tag":[],"aioseo_notices":[],"jetpack_sharing_enabled":true,"_links":{"self":[{"href":"https:\/\/pop-co.fr\/index.php\/wp-json\/wp\/v2\/product\/1308"}],"collection":[{"href":"https:\/\/pop-co.fr\/index.php\/wp-json\/wp\/v2\/product"}],"about":[{"href":"https:\/\/pop-co.fr\/index.php\/wp-json\/wp\/v2\/types\/product"}],"replies":[{"embeddable":true,"href":"https:\/\/pop-co.fr\/index.php\/wp-json\/wp\/v2\/comments?post=1308"}],"version-history":[{"count":0,"href":"https:\/\/pop-co.fr\/index.php\/wp-json\/wp\/v2\/product\/1308\/revisions"}],"wp:featuredmedia":[{"embeddable":true,"href":"https:\/\/pop-co.fr\/index.php\/wp-json\/wp\/v2\/media\/217165"}],"wp:attachment":[{"href":"https:\/\/pop-co.fr\/index.php\/wp-json\/wp\/v2\/media?parent=1308"}],"wp:term":[{"taxonomy":"product_cat","embeddable":true,"href":"https:\/\/pop-co.fr\/index.php\/wp-json\/wp\/v2\/product_cat?post=1308"},{"taxonomy":"product_tag","embeddable":true,"href":"https:\/\/pop-co.fr\/index.php\/wp-json\/wp\/v2\/product_tag?post=1308"}],"curies":[{"name":"wp","href":"https:\/\/api.w.org\/{rel}","templated":true}]}}