{"id":132804,"date":"2024-07-27T10:30:13","date_gmt":"2024-07-27T08:30:13","guid":{"rendered":"https:\/\/pop-co.fr\/index.php\/product\/naruto-uchiha-shisui-figurine-narutop99-13cm\/"},"modified":"2025-07-19T14:18:04","modified_gmt":"2025-07-19T12:18:04","slug":"naruto-uchiha-shisui-figurine-narutop99-13cm","status":"publish","type":"product","link":"https:\/\/pop-co.fr\/index.php\/product\/naruto-uchiha-shisui-figurine-narutop99-13cm\/","title":{"rendered":"NARUTO &#8211; Uchiha Shisui &#8211; Figurine 13cm"},"content":{"rendered":"<p>Composition : PVC<\/p>\n<p>Banpresto vous pr\u00e9sente cette figurine de la s\u00e9rie Narutop99 de Uchiha Shisui, le Anbu du clan Uchiwa.<br \/>\nIl est consid\u00e9r\u00e9 comme le ninja le plus talentueux du clan Uchiwa.<br \/>\nIl se r\u00e9veilla au Mangeky\u00f4 Sharingan, une capacit\u00e9 tr\u00e8s rare dans son clan, qui lui permettait de rentrer dans l&rsquo;esprit des personnes et de les manipuler sans qu&rsquo;ils ne s&rsquo;en rendent comptes.<br \/>\nNaruto est un manga shonen \u00e9crit par Masashi Kishimoto de 1999 \u00e0 2014.<br \/>\nLe manga comprend 72 tomes.<\/p>\n","protected":false},"excerpt":{"rendered":"<p>Composition : PVC Banpresto vous pr\u00e9sente cette figurine de la s\u00e9rie Narutop99 de Uchiha Shisui, le Anbu du clan Uchiwa. Il est consid\u00e9r\u00e9 comme le ninja le plus talentueux du clan Uchiwa. Il se r\u00e9veilla au Mangeky\u00f4 Sharingan, une capacit\u00e9 tr\u00e8s rare dans son clan, qui lui permettait de rentrer dans l&rsquo;esprit des personnes et [&hellip;]<\/p>\n","protected":false},"featured_media":354765,"comment_status":"open","ping_status":"closed","template":"","meta":[],"product_cat":[17,21],"product_tag":[],"aioseo_notices":[],"jetpack_sharing_enabled":true,"_links":{"self":[{"href":"https:\/\/pop-co.fr\/index.php\/wp-json\/wp\/v2\/product\/132804"}],"collection":[{"href":"https:\/\/pop-co.fr\/index.php\/wp-json\/wp\/v2\/product"}],"about":[{"href":"https:\/\/pop-co.fr\/index.php\/wp-json\/wp\/v2\/types\/product"}],"replies":[{"embeddable":true,"href":"https:\/\/pop-co.fr\/index.php\/wp-json\/wp\/v2\/comments?post=132804"}],"version-history":[{"count":0,"href":"https:\/\/pop-co.fr\/index.php\/wp-json\/wp\/v2\/product\/132804\/revisions"}],"wp:featuredmedia":[{"embeddable":true,"href":"https:\/\/pop-co.fr\/index.php\/wp-json\/wp\/v2\/media\/354765"}],"wp:attachment":[{"href":"https:\/\/pop-co.fr\/index.php\/wp-json\/wp\/v2\/media?parent=132804"}],"wp:term":[{"taxonomy":"product_cat","embeddable":true,"href":"https:\/\/pop-co.fr\/index.php\/wp-json\/wp\/v2\/product_cat?post=132804"},{"taxonomy":"product_tag","embeddable":true,"href":"https:\/\/pop-co.fr\/index.php\/wp-json\/wp\/v2\/product_tag?post=132804"}],"curies":[{"name":"wp","href":"https:\/\/api.w.org\/{rel}","templated":true}]}}