{"id":1367,"date":"2024-02-20T17:37:53","date_gmt":"2024-02-20T16:37:53","guid":{"rendered":"https:\/\/pop-co.fr\/index.php\/product\/naruto-pop-n1508-konan\/"},"modified":"2025-07-29T11:24:24","modified_gmt":"2025-07-29T09:24:24","slug":"naruto-pop-n1508-konan","status":"publish","type":"product","link":"https:\/\/pop-co.fr\/index.php\/product\/naruto-pop-n1508-konan\/","title":{"rendered":"NARUTO &#8211; POP N\u00b01508 Konan"},"content":{"rendered":"<p>Tu t&rsquo;entra\u00eenes pour devenir Hokage ? Vous devrez peut-\u00eatre affronter des adversaires habiles, comme Pop ! Konan de Naruto Shippuden. Pop ! Konan a d\u00e9ploy\u00e9 ses ailes de papier et est pr\u00eate \u00e0 se battre. \u00c9largissez votre ensemble Pop ! Animation en ajoutant ce personnage m\u00e9morable.<\/p>\n","protected":false},"excerpt":{"rendered":"<p>Tu t&rsquo;entra\u00eenes pour devenir Hokage ? Vous devrez peut-\u00eatre affronter des adversaires habiles, comme Pop ! Konan de Naruto Shippuden. Pop ! Konan a d\u00e9ploy\u00e9 ses ailes de papier et est pr\u00eate \u00e0 se battre. \u00c9largissez votre ensemble Pop ! Animation en ajoutant ce personnage m\u00e9morable.<\/p>\n","protected":false},"featured_media":356397,"comment_status":"open","ping_status":"closed","template":"","meta":[],"product_cat":[17,21],"product_tag":[],"aioseo_notices":[],"jetpack_sharing_enabled":true,"_links":{"self":[{"href":"https:\/\/pop-co.fr\/index.php\/wp-json\/wp\/v2\/product\/1367"}],"collection":[{"href":"https:\/\/pop-co.fr\/index.php\/wp-json\/wp\/v2\/product"}],"about":[{"href":"https:\/\/pop-co.fr\/index.php\/wp-json\/wp\/v2\/types\/product"}],"replies":[{"embeddable":true,"href":"https:\/\/pop-co.fr\/index.php\/wp-json\/wp\/v2\/comments?post=1367"}],"version-history":[{"count":0,"href":"https:\/\/pop-co.fr\/index.php\/wp-json\/wp\/v2\/product\/1367\/revisions"}],"wp:featuredmedia":[{"embeddable":true,"href":"https:\/\/pop-co.fr\/index.php\/wp-json\/wp\/v2\/media\/356397"}],"wp:attachment":[{"href":"https:\/\/pop-co.fr\/index.php\/wp-json\/wp\/v2\/media?parent=1367"}],"wp:term":[{"taxonomy":"product_cat","embeddable":true,"href":"https:\/\/pop-co.fr\/index.php\/wp-json\/wp\/v2\/product_cat?post=1367"},{"taxonomy":"product_tag","embeddable":true,"href":"https:\/\/pop-co.fr\/index.php\/wp-json\/wp\/v2\/product_tag?post=1367"}],"curies":[{"name":"wp","href":"https:\/\/api.w.org\/{rel}","templated":true}]}}