{"id":13718,"date":"2024-02-20T22:10:15","date_gmt":"2024-02-20T21:10:15","guid":{"rendered":"https:\/\/pop-co.fr\/index.php\/product\/t-shirt-one-piece-luffy-1000eme-episode-taille-xxl\/"},"modified":"2025-07-29T10:17:05","modified_gmt":"2025-07-29T08:17:05","slug":"t-shirt-one-piece-luffy-1000eme-episode-taille-xxl","status":"publish","type":"product","link":"https:\/\/pop-co.fr\/index.php\/product\/t-shirt-one-piece-luffy-1000eme-episode-taille-xxl\/","title":{"rendered":"T-SHIRT &#8211; ONE PIECE &#8211; Luffy 1000eme \u00e9pisode (Taille XXL)"},"content":{"rendered":"<p>Luffy a tout pr\u00e9par\u00e9 pour l&rsquo;arriv\u00e9e du 1000\u00e8me \u00e9pisode de One Piece avec ce fabuleux t-shirt par ABYstyle ! rnrn- Coupe slim, col rond ras du cou rn- T-shirt d&rsquo;excellente qualit\u00e9 : 150g\/m\u00b2, 100% coton rn- Coloris : noirrn<\/p>\n","protected":false},"excerpt":{"rendered":"<p>Luffy a tout pr\u00e9par\u00e9 pour l&rsquo;arriv\u00e9e du 1000\u00e8me \u00e9pisode de One Piece avec ce fabuleux t-shirt par ABYstyle ! rnrn- Coupe slim, col rond ras du cou rn- T-shirt d&rsquo;excellente qualit\u00e9 : 150g\/m\u00b2, 100% coton rn- Coloris : noirrn<\/p>\n","protected":false},"featured_media":355460,"comment_status":"open","ping_status":"closed","template":"","meta":[],"product_cat":[47,49],"product_tag":[],"aioseo_notices":[],"jetpack_sharing_enabled":true,"_links":{"self":[{"href":"https:\/\/pop-co.fr\/index.php\/wp-json\/wp\/v2\/product\/13718"}],"collection":[{"href":"https:\/\/pop-co.fr\/index.php\/wp-json\/wp\/v2\/product"}],"about":[{"href":"https:\/\/pop-co.fr\/index.php\/wp-json\/wp\/v2\/types\/product"}],"replies":[{"embeddable":true,"href":"https:\/\/pop-co.fr\/index.php\/wp-json\/wp\/v2\/comments?post=13718"}],"version-history":[{"count":0,"href":"https:\/\/pop-co.fr\/index.php\/wp-json\/wp\/v2\/product\/13718\/revisions"}],"wp:featuredmedia":[{"embeddable":true,"href":"https:\/\/pop-co.fr\/index.php\/wp-json\/wp\/v2\/media\/355460"}],"wp:attachment":[{"href":"https:\/\/pop-co.fr\/index.php\/wp-json\/wp\/v2\/media?parent=13718"}],"wp:term":[{"taxonomy":"product_cat","embeddable":true,"href":"https:\/\/pop-co.fr\/index.php\/wp-json\/wp\/v2\/product_cat?post=13718"},{"taxonomy":"product_tag","embeddable":true,"href":"https:\/\/pop-co.fr\/index.php\/wp-json\/wp\/v2\/product_tag?post=13718"}],"curies":[{"name":"wp","href":"https:\/\/api.w.org\/{rel}","templated":true}]}}