{"id":139591,"date":"2024-08-06T14:20:01","date_gmt":"2024-08-06T12:20:01","guid":{"rendered":"https:\/\/pop-co.fr\/index.php\/product\/theiere-sailor-moon-luna\/"},"modified":"2025-08-07T09:43:56","modified_gmt":"2025-08-07T07:43:56","slug":"theiere-sailor-moon-luna","status":"publish","type":"product","link":"https:\/\/pop-co.fr\/index.php\/product\/theiere-sailor-moon-luna\/","title":{"rendered":"THEIERE &#8211; SAILOR MOON &#8211; Luna"},"content":{"rendered":"<p>Luna est le chat de compagnie id\u00e9al ! Avec son croissant de lune et sa sagesse, elle est \u00e0 la fois adorable et essentielle pour que les Guerri\u00e8res Sailor puissent combattre les forces obscures. Retrouvez-la en tant que th\u00e9i\u00e8re Sailor Moon par ABYstyle ! <\/p>\n<p>&#8211; Contenance : 1000 ml<br \/>\n&#8211; Mati\u00e8re : c\u00e9ramique.<br \/>\n&#8211; Ne passe pas au micro-ondes ou au lave-vaisselle.<\/p>\n<p>&#8211; Contenance : 1000 ml<br \/>\n&#8211; Mati\u00e8re : c\u00e9ramique.<br \/>\n&#8211; Ne passe pas au micro-ondes ou au lave-vaisselle.<\/p>\n","protected":false},"excerpt":{"rendered":"<p>Luna est le chat de compagnie id\u00e9al ! Avec son croissant de lune et sa sagesse, elle est \u00e0 la fois adorable et essentielle pour que les Guerri\u00e8res Sailor puissent combattre les forces obscures. Retrouvez-la en tant que th\u00e9i\u00e8re Sailor Moon par ABYstyle ! &#8211; Contenance : 1000 ml &#8211; Mati\u00e8re : c\u00e9ramique. &#8211; Ne [&hellip;]<\/p>\n","protected":false},"featured_media":357131,"comment_status":"open","ping_status":"closed","template":"","meta":[],"product_cat":[17,69],"product_tag":[],"aioseo_notices":[],"jetpack_sharing_enabled":true,"_links":{"self":[{"href":"https:\/\/pop-co.fr\/index.php\/wp-json\/wp\/v2\/product\/139591"}],"collection":[{"href":"https:\/\/pop-co.fr\/index.php\/wp-json\/wp\/v2\/product"}],"about":[{"href":"https:\/\/pop-co.fr\/index.php\/wp-json\/wp\/v2\/types\/product"}],"replies":[{"embeddable":true,"href":"https:\/\/pop-co.fr\/index.php\/wp-json\/wp\/v2\/comments?post=139591"}],"version-history":[{"count":0,"href":"https:\/\/pop-co.fr\/index.php\/wp-json\/wp\/v2\/product\/139591\/revisions"}],"wp:featuredmedia":[{"embeddable":true,"href":"https:\/\/pop-co.fr\/index.php\/wp-json\/wp\/v2\/media\/357131"}],"wp:attachment":[{"href":"https:\/\/pop-co.fr\/index.php\/wp-json\/wp\/v2\/media?parent=139591"}],"wp:term":[{"taxonomy":"product_cat","embeddable":true,"href":"https:\/\/pop-co.fr\/index.php\/wp-json\/wp\/v2\/product_cat?post=139591"},{"taxonomy":"product_tag","embeddable":true,"href":"https:\/\/pop-co.fr\/index.php\/wp-json\/wp\/v2\/product_tag?post=139591"}],"curies":[{"name":"wp","href":"https:\/\/api.w.org\/{rel}","templated":true}]}}