{"id":14231,"date":"2024-02-20T22:22:58","date_gmt":"2024-02-20T21:22:58","guid":{"rendered":"https:\/\/pop-co.fr\/index.php\/product\/sac-besace-one-piece-pret-au-combat\/"},"modified":"2024-02-20T22:22:58","modified_gmt":"2024-02-20T21:22:58","slug":"sac-besace-one-piece-pret-au-combat","status":"publish","type":"product","link":"https:\/\/pop-co.fr\/index.php\/product\/sac-besace-one-piece-pret-au-combat\/","title":{"rendered":"SAC BESACE &#8211; ONE PIECE &#8211; Pr\u00eat au combat"},"content":{"rendered":"<p>Avec son tout nouveau chapeau de corsaire et sa nouvelle tenue de combat, Luffy est pr\u00eat \u00e0 affronter tous les adversaires sur sa route pour aider Uta ! Rejoignez-le dans un de ses nombreux combats sur ce tr\u00e8s beau sac besace One Piece: Red par ABYstyle ! <\/p>\n<p>&#8211; Sacoche en vinyle de haute qualit\u00e9 avec boucles en m\u00e9tal<br \/>\n&#8211; Deux compartiments \u00e0 l\u2019int\u00e9rieur<br \/>\n&#8211; Impression en transfert<br \/>\n&#8211; Dimensions : 22 cm x 17 cm x 3,5 cm<br \/>\n&#8211; Bandouli\u00e8re ajustable<br \/>\n&#8211; Mati\u00e8re : Polyester et polyur\u00e9thane de grande qualit\u00e9<\/p>\n","protected":false},"excerpt":{"rendered":"<p>Avec son tout nouveau chapeau de corsaire et sa nouvelle tenue de combat, Luffy est pr\u00eat \u00e0 affronter tous les adversaires sur sa route pour aider Uta ! Rejoignez-le dans un de ses nombreux combats sur ce tr\u00e8s beau sac besace One Piece: Red par ABYstyle ! &#8211; Sacoche en vinyle de haute qualit\u00e9 avec [&hellip;]<\/p>\n","protected":false},"featured_media":14228,"comment_status":"open","ping_status":"closed","template":"","meta":[],"product_cat":[17,22],"product_tag":[],"aioseo_notices":[],"jetpack_sharing_enabled":true,"_links":{"self":[{"href":"https:\/\/pop-co.fr\/index.php\/wp-json\/wp\/v2\/product\/14231"}],"collection":[{"href":"https:\/\/pop-co.fr\/index.php\/wp-json\/wp\/v2\/product"}],"about":[{"href":"https:\/\/pop-co.fr\/index.php\/wp-json\/wp\/v2\/types\/product"}],"replies":[{"embeddable":true,"href":"https:\/\/pop-co.fr\/index.php\/wp-json\/wp\/v2\/comments?post=14231"}],"version-history":[{"count":0,"href":"https:\/\/pop-co.fr\/index.php\/wp-json\/wp\/v2\/product\/14231\/revisions"}],"wp:featuredmedia":[{"embeddable":true,"href":"https:\/\/pop-co.fr\/index.php\/wp-json\/wp\/v2\/media\/14228"}],"wp:attachment":[{"href":"https:\/\/pop-co.fr\/index.php\/wp-json\/wp\/v2\/media?parent=14231"}],"wp:term":[{"taxonomy":"product_cat","embeddable":true,"href":"https:\/\/pop-co.fr\/index.php\/wp-json\/wp\/v2\/product_cat?post=14231"},{"taxonomy":"product_tag","embeddable":true,"href":"https:\/\/pop-co.fr\/index.php\/wp-json\/wp\/v2\/product_tag?post=14231"}],"curies":[{"name":"wp","href":"https:\/\/api.w.org\/{rel}","templated":true}]}}