{"id":1482,"date":"2024-02-20T17:40:34","date_gmt":"2024-02-20T16:40:34","guid":{"rendered":"https:\/\/pop-co.fr\/index.php\/product\/calice-gremlins-gizmo\/"},"modified":"2025-06-28T13:08:49","modified_gmt":"2025-06-28T11:08:49","slug":"calice-gremlins-gizmo","status":"publish","type":"product","link":"https:\/\/pop-co.fr\/index.php\/product\/calice-gremlins-gizmo\/","title":{"rendered":"CALICE &#8211; GREMLINS &#8211; Gizmo"},"content":{"rendered":"<p>&#8211; Calice peint \u00e0 la main sous licence officielle<br \/>\n&#8211; Mati\u00e8re : r\u00e9sine<br \/>\n&#8211; Taille env. 19,5 cm<\/p>\n<p>Ne pas mettre au lave-vaisselle.<\/p>\n","protected":false},"excerpt":{"rendered":"<p>&#8211; Calice peint \u00e0 la main sous licence officielle &#8211; Mati\u00e8re : r\u00e9sine &#8211; Taille env. 19,5 cm Ne pas mettre au lave-vaisselle.<\/p>\n","protected":false},"featured_media":259056,"comment_status":"open","ping_status":"closed","template":"","meta":[],"product_cat":[65,39],"product_tag":[],"aioseo_notices":[],"jetpack_sharing_enabled":true,"_links":{"self":[{"href":"https:\/\/pop-co.fr\/index.php\/wp-json\/wp\/v2\/product\/1482"}],"collection":[{"href":"https:\/\/pop-co.fr\/index.php\/wp-json\/wp\/v2\/product"}],"about":[{"href":"https:\/\/pop-co.fr\/index.php\/wp-json\/wp\/v2\/types\/product"}],"replies":[{"embeddable":true,"href":"https:\/\/pop-co.fr\/index.php\/wp-json\/wp\/v2\/comments?post=1482"}],"version-history":[{"count":0,"href":"https:\/\/pop-co.fr\/index.php\/wp-json\/wp\/v2\/product\/1482\/revisions"}],"wp:featuredmedia":[{"embeddable":true,"href":"https:\/\/pop-co.fr\/index.php\/wp-json\/wp\/v2\/media\/259056"}],"wp:attachment":[{"href":"https:\/\/pop-co.fr\/index.php\/wp-json\/wp\/v2\/media?parent=1482"}],"wp:term":[{"taxonomy":"product_cat","embeddable":true,"href":"https:\/\/pop-co.fr\/index.php\/wp-json\/wp\/v2\/product_cat?post=1482"},{"taxonomy":"product_tag","embeddable":true,"href":"https:\/\/pop-co.fr\/index.php\/wp-json\/wp\/v2\/product_tag?post=1482"}],"curies":[{"name":"wp","href":"https:\/\/api.w.org\/{rel}","templated":true}]}}