{"id":15053,"date":"2024-02-20T22:41:45","date_gmt":"2024-02-20T21:41:45","guid":{"rendered":"https:\/\/pop-co.fr\/index.php\/product\/carnet-a5-dragon-ball-son-goku-et-boules-de-cristal\/"},"modified":"2024-02-20T22:41:45","modified_gmt":"2024-02-20T21:41:45","slug":"carnet-a5-dragon-ball-son-goku-et-boules-de-cristal","status":"publish","type":"product","link":"https:\/\/pop-co.fr\/index.php\/product\/carnet-a5-dragon-ball-son-goku-et-boules-de-cristal\/","title":{"rendered":"CARNET A5 &#8211; DRAGON BALL &#8211; Son Goku et boules de cristal"},"content":{"rendered":"<p>Ce carnet \u00e0 spirales Dragon Ball Z au format A5, sous licence officielle, met en avant les mythiques boules de cristal.<\/p>\n<p>Caract\u00e9ristiques :<\/p>\n<p>Sous licence officielle Dragon Ball Z.<\/p>\n<p>Carnet \u00e0 spirales Dragon Ball Z &#8211; boules de cristal.<\/p>\n<p>Format A5.<\/p>\n<p>Contient 120 feuilles quadrill\u00e9es.<\/p>\n<p>Couverture rigide.<\/p>\n<p>Dimensions approximatives du produit : 21 x 16,5 x 1,6 cm.<\/p>\n","protected":false},"excerpt":{"rendered":"<p>Ce carnet \u00e0 spirales Dragon Ball Z au format A5, sous licence officielle, met en avant les mythiques boules de cristal. Caract\u00e9ristiques : Sous licence officielle Dragon Ball Z. Carnet \u00e0 spirales Dragon Ball Z &#8211; boules de cristal. Format A5. Contient 120 feuilles quadrill\u00e9es. Couverture rigide. Dimensions approximatives du produit : 21 x 16,5 [&hellip;]<\/p>\n","protected":false},"featured_media":15051,"comment_status":"open","ping_status":"closed","template":"","meta":[],"product_cat":[17,23],"product_tag":[],"aioseo_notices":[],"jetpack_sharing_enabled":true,"_links":{"self":[{"href":"https:\/\/pop-co.fr\/index.php\/wp-json\/wp\/v2\/product\/15053"}],"collection":[{"href":"https:\/\/pop-co.fr\/index.php\/wp-json\/wp\/v2\/product"}],"about":[{"href":"https:\/\/pop-co.fr\/index.php\/wp-json\/wp\/v2\/types\/product"}],"replies":[{"embeddable":true,"href":"https:\/\/pop-co.fr\/index.php\/wp-json\/wp\/v2\/comments?post=15053"}],"version-history":[{"count":0,"href":"https:\/\/pop-co.fr\/index.php\/wp-json\/wp\/v2\/product\/15053\/revisions"}],"wp:featuredmedia":[{"embeddable":true,"href":"https:\/\/pop-co.fr\/index.php\/wp-json\/wp\/v2\/media\/15051"}],"wp:attachment":[{"href":"https:\/\/pop-co.fr\/index.php\/wp-json\/wp\/v2\/media?parent=15053"}],"wp:term":[{"taxonomy":"product_cat","embeddable":true,"href":"https:\/\/pop-co.fr\/index.php\/wp-json\/wp\/v2\/product_cat?post=15053"},{"taxonomy":"product_tag","embeddable":true,"href":"https:\/\/pop-co.fr\/index.php\/wp-json\/wp\/v2\/product_tag?post=15053"}],"curies":[{"name":"wp","href":"https:\/\/api.w.org\/{rel}","templated":true}]}}