{"id":153824,"date":"2024-08-29T18:32:14","date_gmt":"2024-08-29T16:32:14","guid":{"rendered":"https:\/\/pop-co.fr\/index.php\/product\/glaciere-ghibli-ponyo-dans-la-mer-ponyo-sur-la-falaise\/"},"modified":"2025-09-06T10:59:11","modified_gmt":"2025-09-06T08:59:11","slug":"glaciere-ghibli-ponyo-dans-la-mer-ponyo-sur-la-falaise","status":"publish","type":"product","link":"https:\/\/pop-co.fr\/index.php\/product\/glaciere-ghibli-ponyo-dans-la-mer-ponyo-sur-la-falaise\/","title":{"rendered":"GLACIERE &#8211; GHIBLI &#8211; Ponyo dans la mer (Ponyo sur la falaise)"},"content":{"rendered":"<p>Emportez un morceau de l&rsquo;univers magique de \u00ab\u00a0Ponyo sur la Falaise\u00a0\u00bb partout o\u00f9 vous allez avec cette superbe glaci\u00e8re mettant en vedette l&rsquo;adorable Ponyo dans la mer. Id\u00e9ale pour les pique-niques, les d\u00e9placements ou les sorties en plein air, cette glaci\u00e8re apporte une touche de charme \u00e0 votre exp\u00e9rience culinaire.<br \/>\nLa glaci\u00e8re est orn\u00e9e d&rsquo;une illustration captivante de Ponyo, ajoutant une dose d&rsquo;enchantement \u00e0 votre routine quotidienne. Avec sa capacit\u00e9 de refroidissement efficace, elle maintient vos boissons et vos collations au frais pendant vos d\u00e9placements. La bandouli\u00e8re ajustable permet un transport facile et confortable, et la fermeture \u00e9clair garantit la s\u00e9curit\u00e9 de vos provisions.<br \/>\nQue vous soyez un fan du Studio Ghibli ou que vous appr\u00e9ciiez simplement les accessoires uniques, cette glaci\u00e8re Ponyo dans la mer est un choix parfait pour allier style et praticit\u00e9 lors de vos aventures quotidiennes. Profitez de l&rsquo;inspiration aquatique de Ponyo o\u00f9 que vous alliez.<\/p>\n<p>Composition : Polypropylene, Aluminium evaporation film<\/p>\n","protected":false},"excerpt":{"rendered":"<p>Emportez un morceau de l&rsquo;univers magique de \u00ab\u00a0Ponyo sur la Falaise\u00a0\u00bb partout o\u00f9 vous allez avec cette superbe glaci\u00e8re mettant en vedette l&rsquo;adorable Ponyo dans la mer. Id\u00e9ale pour les pique-niques, les d\u00e9placements ou les sorties en plein air, cette glaci\u00e8re apporte une touche de charme \u00e0 votre exp\u00e9rience culinaire. La glaci\u00e8re est orn\u00e9e d&rsquo;une [&hellip;]<\/p>\n","protected":false},"featured_media":358240,"comment_status":"open","ping_status":"closed","template":"","meta":[],"product_cat":[17,19],"product_tag":[],"aioseo_notices":[],"jetpack_sharing_enabled":true,"_links":{"self":[{"href":"https:\/\/pop-co.fr\/index.php\/wp-json\/wp\/v2\/product\/153824"}],"collection":[{"href":"https:\/\/pop-co.fr\/index.php\/wp-json\/wp\/v2\/product"}],"about":[{"href":"https:\/\/pop-co.fr\/index.php\/wp-json\/wp\/v2\/types\/product"}],"replies":[{"embeddable":true,"href":"https:\/\/pop-co.fr\/index.php\/wp-json\/wp\/v2\/comments?post=153824"}],"version-history":[{"count":0,"href":"https:\/\/pop-co.fr\/index.php\/wp-json\/wp\/v2\/product\/153824\/revisions"}],"wp:featuredmedia":[{"embeddable":true,"href":"https:\/\/pop-co.fr\/index.php\/wp-json\/wp\/v2\/media\/358240"}],"wp:attachment":[{"href":"https:\/\/pop-co.fr\/index.php\/wp-json\/wp\/v2\/media?parent=153824"}],"wp:term":[{"taxonomy":"product_cat","embeddable":true,"href":"https:\/\/pop-co.fr\/index.php\/wp-json\/wp\/v2\/product_cat?post=153824"},{"taxonomy":"product_tag","embeddable":true,"href":"https:\/\/pop-co.fr\/index.php\/wp-json\/wp\/v2\/product_tag?post=153824"}],"curies":[{"name":"wp","href":"https:\/\/api.w.org\/{rel}","templated":true}]}}