{"id":154021,"date":"2024-08-31T11:02:41","date_gmt":"2024-08-31T09:02:41","guid":{"rendered":"https:\/\/pop-co.fr\/index.php\/product\/fnaf-golden-freddy-figurine-30cm-2\/"},"modified":"2025-06-28T12:25:52","modified_gmt":"2025-06-28T10:25:52","slug":"fnaf-golden-freddy-figurine-30cm-2","status":"publish","type":"product","link":"https:\/\/pop-co.fr\/index.php\/product\/fnaf-golden-freddy-figurine-30cm-2\/","title":{"rendered":"FNAF &#8211; Golden Freddy &#8211; Figurine 30cm"},"content":{"rendered":"<p>FNAF &#8211; Golden Freddy &#8211; Statuette Vinyl 30cm<\/p>\n<p>Donnez un coup de pouce \u00e0 votre collection avec la statue de collection Freddy ! C\u00e9l\u00e9brez les 10 ans de Five Nights at Freddy&rsquo;s\u2122 avec cette pi\u00e8ce de collection repr\u00e9sentant Golden Freddy adoss\u00e9 au bureau. Rapprochez-vous de cette statue de collection Freddy en l&rsquo;ajoutant \u00e0 votre collection avant qu&rsquo;elle ne bouge !<\/p>\n","protected":false},"excerpt":{"rendered":"<p>FNAF &#8211; Golden Freddy &#8211; Statuette Vinyl 30cm Donnez un coup de pouce \u00e0 votre collection avec la statue de collection Freddy ! C\u00e9l\u00e9brez les 10 ans de Five Nights at Freddy&rsquo;s\u2122 avec cette pi\u00e8ce de collection repr\u00e9sentant Golden Freddy adoss\u00e9 au bureau. Rapprochez-vous de cette statue de collection Freddy en l&rsquo;ajoutant \u00e0 votre collection [&hellip;]<\/p>\n","protected":false},"featured_media":172557,"comment_status":"open","ping_status":"closed","template":"","meta":[],"product_cat":[34,38],"product_tag":[],"aioseo_notices":[],"jetpack_sharing_enabled":true,"_links":{"self":[{"href":"https:\/\/pop-co.fr\/index.php\/wp-json\/wp\/v2\/product\/154021"}],"collection":[{"href":"https:\/\/pop-co.fr\/index.php\/wp-json\/wp\/v2\/product"}],"about":[{"href":"https:\/\/pop-co.fr\/index.php\/wp-json\/wp\/v2\/types\/product"}],"replies":[{"embeddable":true,"href":"https:\/\/pop-co.fr\/index.php\/wp-json\/wp\/v2\/comments?post=154021"}],"version-history":[{"count":0,"href":"https:\/\/pop-co.fr\/index.php\/wp-json\/wp\/v2\/product\/154021\/revisions"}],"wp:featuredmedia":[{"embeddable":true,"href":"https:\/\/pop-co.fr\/index.php\/wp-json\/wp\/v2\/media\/172557"}],"wp:attachment":[{"href":"https:\/\/pop-co.fr\/index.php\/wp-json\/wp\/v2\/media?parent=154021"}],"wp:term":[{"taxonomy":"product_cat","embeddable":true,"href":"https:\/\/pop-co.fr\/index.php\/wp-json\/wp\/v2\/product_cat?post=154021"},{"taxonomy":"product_tag","embeddable":true,"href":"https:\/\/pop-co.fr\/index.php\/wp-json\/wp\/v2\/product_tag?post=154021"}],"curies":[{"name":"wp","href":"https:\/\/api.w.org\/{rel}","templated":true}]}}