{"id":154733,"date":"2024-09-03T13:19:37","date_gmt":"2024-09-03T11:19:37","guid":{"rendered":"https:\/\/pop-co.fr\/index.php\/product\/bleach-abarai-renji-figurine-25cm-2\/"},"modified":"2025-07-19T14:17:53","modified_gmt":"2025-07-19T12:17:53","slug":"bleach-abarai-renji-figurine-25cm-2","status":"publish","type":"product","link":"https:\/\/pop-co.fr\/index.php\/product\/bleach-abarai-renji-figurine-25cm-2\/","title":{"rendered":"BLEACH &#8211; Abarai Renji &#8211; Figurine 25cm"},"content":{"rendered":"<p>BLEACH &#8211; Renji Abarai &#8211; Statuette FiguartsZERO 25cm<br \/>\nComposition : PVC<\/p>\n<p>Statuette en PVC taille env. 25 cm avec socle, en emballage bo\u00eete-fen\u00eatre. Mod\u00e8le tr\u00e8s d\u00e9taill\u00e9 dans la collection Bandai Figuarts Zero.<\/p>\n","protected":false},"excerpt":{"rendered":"<p>BLEACH &#8211; Renji Abarai &#8211; Statuette FiguartsZERO 25cm Composition : PVC Statuette en PVC taille env. 25 cm avec socle, en emballage bo\u00eete-fen\u00eatre. Mod\u00e8le tr\u00e8s d\u00e9taill\u00e9 dans la collection Bandai Figuarts Zero.<\/p>\n","protected":false},"featured_media":354761,"comment_status":"open","ping_status":"closed","template":"","meta":[],"product_cat":[18,17],"product_tag":[],"aioseo_notices":[],"jetpack_sharing_enabled":true,"_links":{"self":[{"href":"https:\/\/pop-co.fr\/index.php\/wp-json\/wp\/v2\/product\/154733"}],"collection":[{"href":"https:\/\/pop-co.fr\/index.php\/wp-json\/wp\/v2\/product"}],"about":[{"href":"https:\/\/pop-co.fr\/index.php\/wp-json\/wp\/v2\/types\/product"}],"replies":[{"embeddable":true,"href":"https:\/\/pop-co.fr\/index.php\/wp-json\/wp\/v2\/comments?post=154733"}],"version-history":[{"count":0,"href":"https:\/\/pop-co.fr\/index.php\/wp-json\/wp\/v2\/product\/154733\/revisions"}],"wp:featuredmedia":[{"embeddable":true,"href":"https:\/\/pop-co.fr\/index.php\/wp-json\/wp\/v2\/media\/354761"}],"wp:attachment":[{"href":"https:\/\/pop-co.fr\/index.php\/wp-json\/wp\/v2\/media?parent=154733"}],"wp:term":[{"taxonomy":"product_cat","embeddable":true,"href":"https:\/\/pop-co.fr\/index.php\/wp-json\/wp\/v2\/product_cat?post=154733"},{"taxonomy":"product_tag","embeddable":true,"href":"https:\/\/pop-co.fr\/index.php\/wp-json\/wp\/v2\/product_tag?post=154733"}],"curies":[{"name":"wp","href":"https:\/\/api.w.org\/{rel}","templated":true}]}}