{"id":1558,"date":"2024-02-20T17:42:06","date_gmt":"2024-02-20T16:42:06","guid":{"rendered":"https:\/\/pop-co.fr\/index.php\/product\/porte-cles-marvel-tete-spiderman-gris\/"},"modified":"2025-07-29T11:23:01","modified_gmt":"2025-07-29T09:23:01","slug":"porte-cles-marvel-tete-spiderman-gris","status":"publish","type":"product","link":"https:\/\/pop-co.fr\/index.php\/product\/porte-cles-marvel-tete-spiderman-gris\/","title":{"rendered":"PORTE CLES &#8211; MARVEL &#8211; T\u00eate Spiderman gris"},"content":{"rendered":"<p>Porte-cl\u00e9s en m\u00e9tal, sous licence officielle.<\/p>\n","protected":false},"excerpt":{"rendered":"<p>Porte-cl\u00e9s en m\u00e9tal, sous licence officielle.<\/p>\n","protected":false},"featured_media":356357,"comment_status":"open","ping_status":"closed","template":"","meta":[],"product_cat":[29,63],"product_tag":[],"aioseo_notices":[],"jetpack_sharing_enabled":true,"_links":{"self":[{"href":"https:\/\/pop-co.fr\/index.php\/wp-json\/wp\/v2\/product\/1558"}],"collection":[{"href":"https:\/\/pop-co.fr\/index.php\/wp-json\/wp\/v2\/product"}],"about":[{"href":"https:\/\/pop-co.fr\/index.php\/wp-json\/wp\/v2\/types\/product"}],"replies":[{"embeddable":true,"href":"https:\/\/pop-co.fr\/index.php\/wp-json\/wp\/v2\/comments?post=1558"}],"version-history":[{"count":0,"href":"https:\/\/pop-co.fr\/index.php\/wp-json\/wp\/v2\/product\/1558\/revisions"}],"wp:featuredmedia":[{"embeddable":true,"href":"https:\/\/pop-co.fr\/index.php\/wp-json\/wp\/v2\/media\/356357"}],"wp:attachment":[{"href":"https:\/\/pop-co.fr\/index.php\/wp-json\/wp\/v2\/media?parent=1558"}],"wp:term":[{"taxonomy":"product_cat","embeddable":true,"href":"https:\/\/pop-co.fr\/index.php\/wp-json\/wp\/v2\/product_cat?post=1558"},{"taxonomy":"product_tag","embeddable":true,"href":"https:\/\/pop-co.fr\/index.php\/wp-json\/wp\/v2\/product_tag?post=1558"}],"curies":[{"name":"wp","href":"https:\/\/api.w.org\/{rel}","templated":true}]}}