{"id":16456,"date":"2024-02-20T23:16:04","date_gmt":"2024-02-20T22:16:04","guid":{"rendered":"https:\/\/pop-co.fr\/index.php\/product\/assiettes-x4-one-piece-emblemes\/"},"modified":"2025-06-28T16:01:56","modified_gmt":"2025-06-28T14:01:56","slug":"assiettes-x4-one-piece-emblemes","status":"publish","type":"product","link":"https:\/\/pop-co.fr\/index.php\/product\/assiettes-x4-one-piece-emblemes\/","title":{"rendered":"ASSIETTES X4 &#8211; ONE PIECE &#8211; Embl\u00e8mes"},"content":{"rendered":"<p>Quel est l&rsquo;\u00e9quipage pirate le plus redout\u00e9 du New World ? Retrouvez les plus ic\u00f4niques avec ce merveilleux set de 4 assiettes One Piece ! <\/p>\n<p>&#8211; Mati\u00e8re : porcelaine.<br \/>\n&#8211; Convient aux micro-ondes et lave-vaisselle.<br \/>\n&#8211; Packaging : bo\u00eete ferm\u00e9e en carton.<br \/>\n&#8211; Diam\u00e8tre : 21 cm<\/p>\n","protected":false},"excerpt":{"rendered":"<p>Quel est l&rsquo;\u00e9quipage pirate le plus redout\u00e9 du New World ? Retrouvez les plus ic\u00f4niques avec ce merveilleux set de 4 assiettes One Piece ! &#8211; Mati\u00e8re : porcelaine. &#8211; Convient aux micro-ondes et lave-vaisselle. &#8211; Packaging : bo\u00eete ferm\u00e9e en carton. &#8211; Diam\u00e8tre : 21 cm<\/p>\n","protected":false},"featured_media":152776,"comment_status":"open","ping_status":"closed","template":"","meta":[],"product_cat":[17,22],"product_tag":[],"aioseo_notices":[],"jetpack_sharing_enabled":true,"_links":{"self":[{"href":"https:\/\/pop-co.fr\/index.php\/wp-json\/wp\/v2\/product\/16456"}],"collection":[{"href":"https:\/\/pop-co.fr\/index.php\/wp-json\/wp\/v2\/product"}],"about":[{"href":"https:\/\/pop-co.fr\/index.php\/wp-json\/wp\/v2\/types\/product"}],"replies":[{"embeddable":true,"href":"https:\/\/pop-co.fr\/index.php\/wp-json\/wp\/v2\/comments?post=16456"}],"version-history":[{"count":0,"href":"https:\/\/pop-co.fr\/index.php\/wp-json\/wp\/v2\/product\/16456\/revisions"}],"wp:featuredmedia":[{"embeddable":true,"href":"https:\/\/pop-co.fr\/index.php\/wp-json\/wp\/v2\/media\/152776"}],"wp:attachment":[{"href":"https:\/\/pop-co.fr\/index.php\/wp-json\/wp\/v2\/media?parent=16456"}],"wp:term":[{"taxonomy":"product_cat","embeddable":true,"href":"https:\/\/pop-co.fr\/index.php\/wp-json\/wp\/v2\/product_cat?post=16456"},{"taxonomy":"product_tag","embeddable":true,"href":"https:\/\/pop-co.fr\/index.php\/wp-json\/wp\/v2\/product_tag?post=16456"}],"curies":[{"name":"wp","href":"https:\/\/api.w.org\/{rel}","templated":true}]}}