{"id":166934,"date":"2024-09-24T10:41:48","date_gmt":"2024-09-24T08:41:48","guid":{"rendered":"https:\/\/pop-co.fr\/index.php\/product\/coffre-mystere-minecraft-coffre-a-butin\/"},"modified":"2024-09-27T11:01:05","modified_gmt":"2024-09-27T09:01:05","slug":"coffre-mystere-minecraft-coffre-a-butin","status":"publish","type":"product","link":"https:\/\/pop-co.fr\/index.php\/product\/coffre-mystere-minecraft-coffre-a-butin\/","title":{"rendered":"COFFRE MYSTERE &#8211; MINECRAFT &#8211; Coffre \u00e0 butin"},"content":{"rendered":"<p>Les coffres sont des cubes de 10cm de c\u00f4t\u00e9.<\/p>\n<p>Ils contiennent chacun 4 \u00e9l\u00e9ments. Il y a dans cet assortiment :<\/p>\n<p>2 coffres \u00e0 butin For\u00eat<br \/>\n2 coffres \u00e0 butin Cavernes<br \/>\n2 coffres \u00e0 butin Plaines<br \/>\n2 coffres \u00e0 butin La fin<br \/>\nMati\u00e8re : PVCStatuette en r\u00e9sine \u00e0 l\u00b4\u00e9chelle 1\/10, dimensions env. 26 cm sur socle sous licence officielle.<\/p>\n","protected":false},"excerpt":{"rendered":"<p>Les coffres sont des cubes de 10cm de c\u00f4t\u00e9. Ils contiennent chacun 4 \u00e9l\u00e9ments. Il y a dans cet assortiment : 2 coffres \u00e0 butin For\u00eat 2 coffres \u00e0 butin Cavernes 2 coffres \u00e0 butin Plaines 2 coffres \u00e0 butin La fin Mati\u00e8re : PVCStatuette en r\u00e9sine \u00e0 l\u00b4\u00e9chelle 1\/10, dimensions env. 26 cm sur [&hellip;]<\/p>\n","protected":false},"featured_media":169343,"comment_status":"open","ping_status":"closed","template":"","meta":[],"product_cat":[34],"product_tag":[],"aioseo_notices":[],"jetpack_sharing_enabled":true,"_links":{"self":[{"href":"https:\/\/pop-co.fr\/index.php\/wp-json\/wp\/v2\/product\/166934"}],"collection":[{"href":"https:\/\/pop-co.fr\/index.php\/wp-json\/wp\/v2\/product"}],"about":[{"href":"https:\/\/pop-co.fr\/index.php\/wp-json\/wp\/v2\/types\/product"}],"replies":[{"embeddable":true,"href":"https:\/\/pop-co.fr\/index.php\/wp-json\/wp\/v2\/comments?post=166934"}],"version-history":[{"count":0,"href":"https:\/\/pop-co.fr\/index.php\/wp-json\/wp\/v2\/product\/166934\/revisions"}],"wp:featuredmedia":[{"embeddable":true,"href":"https:\/\/pop-co.fr\/index.php\/wp-json\/wp\/v2\/media\/169343"}],"wp:attachment":[{"href":"https:\/\/pop-co.fr\/index.php\/wp-json\/wp\/v2\/media?parent=166934"}],"wp:term":[{"taxonomy":"product_cat","embeddable":true,"href":"https:\/\/pop-co.fr\/index.php\/wp-json\/wp\/v2\/product_cat?post=166934"},{"taxonomy":"product_tag","embeddable":true,"href":"https:\/\/pop-co.fr\/index.php\/wp-json\/wp\/v2\/product_tag?post=166934"}],"curies":[{"name":"wp","href":"https:\/\/api.w.org\/{rel}","templated":true}]}}