{"id":168691,"date":"2024-09-26T12:20:18","date_gmt":"2024-09-26T10:20:18","guid":{"rendered":"https:\/\/pop-co.fr\/index.php\/product\/fnaf-serie-10-ans-figurine-mystere-3\/"},"modified":"2025-06-28T12:22:21","modified_gmt":"2025-06-28T10:22:21","slug":"fnaf-serie-10-ans-figurine-mystere-3","status":"publish","type":"product","link":"https:\/\/pop-co.fr\/index.php\/product\/fnaf-serie-10-ans-figurine-mystere-3\/","title":{"rendered":"FNAF &#8211; S\u00e9rie 10 ans &#8211; Figurine myst\u00e8re"},"content":{"rendered":"<p>*ATTENTION PRODUIT AL\u00c9ATOIRE NE POUVANT \u00caTRE RETOURN\u00c9*<\/p>\n<p>X1 Badge en m\u00e9tal \u00e9maill\u00e9 taille env. 4 cm, en emballage bo\u00eete-myst\u00e8re.<\/p>\n<p>Approchez-vous des Five Nights at Freddy&rsquo;s\u2122 Mystery Minis avant qu&rsquo;ils ne bougent ! Collectionnez vos personnages pr\u00e9f\u00e9r\u00e9s et c\u00e9l\u00e9brez les 10 ans de Five Nights at Freddy&rsquo;s avec cet assortiment de nouvelles figurines repr\u00e9sentant les animatroniques effroyablement amusants du jeu. Il y a Freddy, Bonnie, Foxy, Chica, Freddy fl\u00e9tri, Bonnie fl\u00e9trie, Foxy fl\u00e9trie, Chica fl\u00e9trie, Freddy dor\u00e9, Marionnette, Cupcake et Endosquelette. Collectionne-les tous !<\/p>\n","protected":false},"excerpt":{"rendered":"<p>*ATTENTION PRODUIT AL\u00c9ATOIRE NE POUVANT \u00caTRE RETOURN\u00c9* X1 Badge en m\u00e9tal \u00e9maill\u00e9 taille env. 4 cm, en emballage bo\u00eete-myst\u00e8re. Approchez-vous des Five Nights at Freddy&rsquo;s\u2122 Mystery Minis avant qu&rsquo;ils ne bougent ! Collectionnez vos personnages pr\u00e9f\u00e9r\u00e9s et c\u00e9l\u00e9brez les 10 ans de Five Nights at Freddy&rsquo;s avec cet assortiment de nouvelles figurines repr\u00e9sentant les animatroniques [&hellip;]<\/p>\n","protected":false},"featured_media":344870,"comment_status":"open","ping_status":"closed","template":"","meta":[],"product_cat":[34,38],"product_tag":[],"aioseo_notices":[],"jetpack_sharing_enabled":true,"_links":{"self":[{"href":"https:\/\/pop-co.fr\/index.php\/wp-json\/wp\/v2\/product\/168691"}],"collection":[{"href":"https:\/\/pop-co.fr\/index.php\/wp-json\/wp\/v2\/product"}],"about":[{"href":"https:\/\/pop-co.fr\/index.php\/wp-json\/wp\/v2\/types\/product"}],"replies":[{"embeddable":true,"href":"https:\/\/pop-co.fr\/index.php\/wp-json\/wp\/v2\/comments?post=168691"}],"version-history":[{"count":0,"href":"https:\/\/pop-co.fr\/index.php\/wp-json\/wp\/v2\/product\/168691\/revisions"}],"wp:featuredmedia":[{"embeddable":true,"href":"https:\/\/pop-co.fr\/index.php\/wp-json\/wp\/v2\/media\/344870"}],"wp:attachment":[{"href":"https:\/\/pop-co.fr\/index.php\/wp-json\/wp\/v2\/media?parent=168691"}],"wp:term":[{"taxonomy":"product_cat","embeddable":true,"href":"https:\/\/pop-co.fr\/index.php\/wp-json\/wp\/v2\/product_cat?post=168691"},{"taxonomy":"product_tag","embeddable":true,"href":"https:\/\/pop-co.fr\/index.php\/wp-json\/wp\/v2\/product_tag?post=168691"}],"curies":[{"name":"wp","href":"https:\/\/api.w.org\/{rel}","templated":true}]}}