{"id":170888,"date":"2024-10-01T12:24:17","date_gmt":"2024-10-01T10:24:17","guid":{"rendered":"https:\/\/pop-co.fr\/index.php\/product\/mercredi-pop-n1580-matilyn-thornhill\/"},"modified":"2025-07-29T12:03:17","modified_gmt":"2025-07-29T10:03:17","slug":"mercredi-pop-n1580-matilyn-thornhill","status":"publish","type":"product","link":"https:\/\/pop-co.fr\/index.php\/product\/mercredi-pop-n1580-matilyn-thornhill\/","title":{"rendered":"WEDNESDAY &#8211; POP N\u00b01580 &#8211; Marilyn Thornhill"},"content":{"rendered":"<p>Dansez toute la nuit au Rave&rsquo;N avec Pop ! Marilyn Thornhill ! Compl\u00e9tez votre \u00e9quipe de l&rsquo;Acad\u00e9mie Nevermore en l&rsquo;accueillant dans votre collection Netflix Mercredi. R\u00e9agissez et r\u00e9unissez cette enseignante avec ses coll\u00e8gues \u00e9ducateurs dans votre collection T\u00e9l\u00e9vision.<\/p>\n","protected":false},"excerpt":{"rendered":"<p>Dansez toute la nuit au Rave&rsquo;N avec Pop ! Marilyn Thornhill ! Compl\u00e9tez votre \u00e9quipe de l&rsquo;Acad\u00e9mie Nevermore en l&rsquo;accueillant dans votre collection Netflix Mercredi. R\u00e9agissez et r\u00e9unissez cette enseignante avec ses coll\u00e8gues \u00e9ducateurs dans votre collection T\u00e9l\u00e9vision.<\/p>\n","protected":false},"featured_media":356675,"comment_status":"open","ping_status":"closed","template":"","meta":[],"product_cat":[39,64],"product_tag":[],"aioseo_notices":[],"jetpack_sharing_enabled":true,"_links":{"self":[{"href":"https:\/\/pop-co.fr\/index.php\/wp-json\/wp\/v2\/product\/170888"}],"collection":[{"href":"https:\/\/pop-co.fr\/index.php\/wp-json\/wp\/v2\/product"}],"about":[{"href":"https:\/\/pop-co.fr\/index.php\/wp-json\/wp\/v2\/types\/product"}],"replies":[{"embeddable":true,"href":"https:\/\/pop-co.fr\/index.php\/wp-json\/wp\/v2\/comments?post=170888"}],"version-history":[{"count":0,"href":"https:\/\/pop-co.fr\/index.php\/wp-json\/wp\/v2\/product\/170888\/revisions"}],"wp:featuredmedia":[{"embeddable":true,"href":"https:\/\/pop-co.fr\/index.php\/wp-json\/wp\/v2\/media\/356675"}],"wp:attachment":[{"href":"https:\/\/pop-co.fr\/index.php\/wp-json\/wp\/v2\/media?parent=170888"}],"wp:term":[{"taxonomy":"product_cat","embeddable":true,"href":"https:\/\/pop-co.fr\/index.php\/wp-json\/wp\/v2\/product_cat?post=170888"},{"taxonomy":"product_tag","embeddable":true,"href":"https:\/\/pop-co.fr\/index.php\/wp-json\/wp\/v2\/product_tag?post=170888"}],"curies":[{"name":"wp","href":"https:\/\/api.w.org\/{rel}","templated":true}]}}