{"id":172889,"date":"2024-10-05T18:35:41","date_gmt":"2024-10-05T16:35:41","guid":{"rendered":"https:\/\/pop-co.fr\/index.php\/product\/maquette-tonecheer-cyber-game-city-organisateur-de-bureau\/"},"modified":"2025-06-28T12:21:40","modified_gmt":"2025-06-28T10:21:40","slug":"maquette-tonecheer-cyber-game-city-organisateur-de-bureau","status":"publish","type":"product","link":"https:\/\/pop-co.fr\/index.php\/product\/maquette-tonecheer-cyber-game-city-organisateur-de-bureau\/","title":{"rendered":"MAQUETTE &#8211; TONECHEER &#8211; Cyber game city (organisateur de bureau)"},"content":{"rendered":"<p>Cet organisateur de bureau de couleur bleue et violette est amusant \u00e0 regarder pour les vrais fans de jeux. Les blocs Tetris, la sc\u00e8ne Mario Bros, les distributeurs automatiques de peluches, les flippers, la danse virtuelle et une manette sur le toit sont les d\u00e9tails \u00e9poustouflants de ce kit de construction. Les portes de la salle de jeux peuvent \u00eatre ouvertes et l&rsquo;enseigne peut \u00eatre allum\u00e9e. Le couvercle sous le contr\u00f4leur sur le toit peut \u00eatre ouvert \u00e0 l&rsquo;aide d&rsquo;un d\u00e9tecteur de mouvement et est \u00e9galement d\u00e9cor\u00e9 \u00e0 l&rsquo;int\u00e9rieur du couvercle. Vous pouvez utiliser l&rsquo;int\u00e9rieur pour ranger vos stylos mais aussi comme poubelle de bureau. Juste ce que vous aimez ou ce dont vous avez besoin !<\/p>\n","protected":false},"excerpt":{"rendered":"<p>Cet organisateur de bureau de couleur bleue et violette est amusant \u00e0 regarder pour les vrais fans de jeux. Les blocs Tetris, la sc\u00e8ne Mario Bros, les distributeurs automatiques de peluches, les flippers, la danse virtuelle et une manette sur le toit sont les d\u00e9tails \u00e9poustouflants de ce kit de construction. Les portes de la [&hellip;]<\/p>\n","protected":false},"featured_media":234967,"comment_status":"open","ping_status":"closed","template":"","meta":[],"product_cat":[34],"product_tag":[],"aioseo_notices":[],"jetpack_sharing_enabled":true,"_links":{"self":[{"href":"https:\/\/pop-co.fr\/index.php\/wp-json\/wp\/v2\/product\/172889"}],"collection":[{"href":"https:\/\/pop-co.fr\/index.php\/wp-json\/wp\/v2\/product"}],"about":[{"href":"https:\/\/pop-co.fr\/index.php\/wp-json\/wp\/v2\/types\/product"}],"replies":[{"embeddable":true,"href":"https:\/\/pop-co.fr\/index.php\/wp-json\/wp\/v2\/comments?post=172889"}],"version-history":[{"count":0,"href":"https:\/\/pop-co.fr\/index.php\/wp-json\/wp\/v2\/product\/172889\/revisions"}],"wp:featuredmedia":[{"embeddable":true,"href":"https:\/\/pop-co.fr\/index.php\/wp-json\/wp\/v2\/media\/234967"}],"wp:attachment":[{"href":"https:\/\/pop-co.fr\/index.php\/wp-json\/wp\/v2\/media?parent=172889"}],"wp:term":[{"taxonomy":"product_cat","embeddable":true,"href":"https:\/\/pop-co.fr\/index.php\/wp-json\/wp\/v2\/product_cat?post=172889"},{"taxonomy":"product_tag","embeddable":true,"href":"https:\/\/pop-co.fr\/index.php\/wp-json\/wp\/v2\/product_tag?post=172889"}],"curies":[{"name":"wp","href":"https:\/\/api.w.org\/{rel}","templated":true}]}}