{"id":174379,"date":"2024-10-11T13:42:37","date_gmt":"2024-10-11T11:42:37","guid":{"rendered":"https:\/\/pop-co.fr\/index.php\/product\/koalas-march-snack-biscuit-fourre-chocolat-37g\/"},"modified":"2025-06-28T12:18:58","modified_gmt":"2025-06-28T10:18:58","slug":"koalas-march-snack-biscuit-fourre-chocolat-37g","status":"publish","type":"product","link":"https:\/\/pop-co.fr\/index.php\/product\/koalas-march-snack-biscuit-fourre-chocolat-37g\/","title":{"rendered":"KOALA&rsquo;S MARCH &#8211; SNACK &#8211; Biscuit fourr\u00e9 chocolat 37g"},"content":{"rendered":"<p>De d\u00e9licieux biscuits croquants fourr\u00e9s avec le mignon petit koala de la marque ! Le Koala&rsquo;s march chocolat est fourr\u00e9 au chocolat ! <\/p>\n<p>Ingr\u00e9dients :<br \/>\n60 % m\u00e9lange de chocolat au lait (huile de palme, sucre, poudre de lait entier, poudre de cacao, masse de cacao, l\u00e9cithine (soja), ar\u00f4me), bl\u00e9 (gluten), amidon de ma\u00efs, graisse alimentaire (palme, \u00e9mulsifiant (E471), antioxydant (E307)), sucre, sucre inverti, agent colorant (E170, E150a), poudre \u00e0 lever (E503,E500), sel, saveur (lait). <\/p>\n<p>Allerg\u00e8nes :<br \/>\nLait, soja, bl\u00e9, gluten<br \/>\nCe produit peut contenir des traces d&rsquo;\u0153uf, noix et lupin.<\/p>\n<p>Conserver dans un endroit frais et sec. \u00c9vitez la lumi\u00e8re directe du soleil.<\/p>\n<p>Produit de Tha\u00eflande, marque d&rsquo;origine japonaise. <\/p>\n<p>Certifi\u00e9 Halal.<\/p>\n","protected":false},"excerpt":{"rendered":"<p>De d\u00e9licieux biscuits croquants fourr\u00e9s avec le mignon petit koala de la marque ! Le Koala&rsquo;s march chocolat est fourr\u00e9 au chocolat ! Ingr\u00e9dients : 60 % m\u00e9lange de chocolat au lait (huile de palme, sucre, poudre de lait entier, poudre de cacao, masse de cacao, l\u00e9cithine (soja), ar\u00f4me), bl\u00e9 (gluten), amidon de ma\u00efs, graisse [&hellip;]<\/p>\n","protected":false},"featured_media":252689,"comment_status":"open","ping_status":"closed","template":"","meta":[],"product_cat":[77],"product_tag":[],"aioseo_notices":[],"jetpack_sharing_enabled":true,"_links":{"self":[{"href":"https:\/\/pop-co.fr\/index.php\/wp-json\/wp\/v2\/product\/174379"}],"collection":[{"href":"https:\/\/pop-co.fr\/index.php\/wp-json\/wp\/v2\/product"}],"about":[{"href":"https:\/\/pop-co.fr\/index.php\/wp-json\/wp\/v2\/types\/product"}],"replies":[{"embeddable":true,"href":"https:\/\/pop-co.fr\/index.php\/wp-json\/wp\/v2\/comments?post=174379"}],"version-history":[{"count":0,"href":"https:\/\/pop-co.fr\/index.php\/wp-json\/wp\/v2\/product\/174379\/revisions"}],"wp:featuredmedia":[{"embeddable":true,"href":"https:\/\/pop-co.fr\/index.php\/wp-json\/wp\/v2\/media\/252689"}],"wp:attachment":[{"href":"https:\/\/pop-co.fr\/index.php\/wp-json\/wp\/v2\/media?parent=174379"}],"wp:term":[{"taxonomy":"product_cat","embeddable":true,"href":"https:\/\/pop-co.fr\/index.php\/wp-json\/wp\/v2\/product_cat?post=174379"},{"taxonomy":"product_tag","embeddable":true,"href":"https:\/\/pop-co.fr\/index.php\/wp-json\/wp\/v2\/product_tag?post=174379"}],"curies":[{"name":"wp","href":"https:\/\/api.w.org\/{rel}","templated":true}]}}