{"id":174386,"date":"2024-10-11T13:42:45","date_gmt":"2024-10-11T11:42:45","guid":{"rendered":"https:\/\/pop-co.fr\/index.php\/product\/ramune-snack-raisin-20cl-2\/"},"modified":"2025-08-30T15:22:03","modified_gmt":"2025-08-30T13:22:03","slug":"ramune-snack-raisin-20cl-2","status":"publish","type":"product","link":"https:\/\/pop-co.fr\/index.php\/product\/ramune-snack-raisin-20cl-2\/","title":{"rendered":"RAMUNE &#8211; SNACK &#8211; Raisin 20cl"},"content":{"rendered":"<p>Cette d\u00e9licieuse limonade japonaise appel\u00e9e \u00ab Ramune \u00bb est une<br \/>\nboisson gazeuse non alcoolis\u00e9e vendue au Japon avec de fines bulles,<br \/>\nla rendent moins p\u00e9tillante que des sodas classiques.<br \/>\nSa particularit\u00e9 assez curieuse est sa bouteille en verre scell\u00e9e<br \/>\nelle-m\u00eame par une bille de la m\u00eame mati\u00e8re.<\/p>\n<p>Pour l&rsquo;ouvrir, il vous suffit d&rsquo;utiliser l&rsquo;ustensile vert fourni pour<br \/>\npousser la bille \u00e0 l&rsquo;int\u00e9rieur qui cliquettera gentiment lorsque<br \/>\nl&rsquo;on versera la boisson. Deux renfoncements de la bouteille servent \u00e0<br \/>\naider le buveur \u00e0 boire sans \u00eatre g\u00ean\u00e9 par la bille ainsi retenue<br \/>\n(cf. nos photos).<\/p>\n","protected":false},"excerpt":{"rendered":"<p>Cette d\u00e9licieuse limonade japonaise appel\u00e9e \u00ab Ramune \u00bb est une boisson gazeuse non alcoolis\u00e9e vendue au Japon avec de fines bulles, la rendent moins p\u00e9tillante que des sodas classiques. Sa particularit\u00e9 assez curieuse est sa bouteille en verre scell\u00e9e elle-m\u00eame par une bille de la m\u00eame mati\u00e8re. Pour l&rsquo;ouvrir, il vous suffit d&rsquo;utiliser l&rsquo;ustensile vert [&hellip;]<\/p>\n","protected":false},"featured_media":357963,"comment_status":"open","ping_status":"closed","template":"","meta":[],"product_cat":[77],"product_tag":[],"aioseo_notices":[],"jetpack_sharing_enabled":true,"_links":{"self":[{"href":"https:\/\/pop-co.fr\/index.php\/wp-json\/wp\/v2\/product\/174386"}],"collection":[{"href":"https:\/\/pop-co.fr\/index.php\/wp-json\/wp\/v2\/product"}],"about":[{"href":"https:\/\/pop-co.fr\/index.php\/wp-json\/wp\/v2\/types\/product"}],"replies":[{"embeddable":true,"href":"https:\/\/pop-co.fr\/index.php\/wp-json\/wp\/v2\/comments?post=174386"}],"version-history":[{"count":0,"href":"https:\/\/pop-co.fr\/index.php\/wp-json\/wp\/v2\/product\/174386\/revisions"}],"wp:featuredmedia":[{"embeddable":true,"href":"https:\/\/pop-co.fr\/index.php\/wp-json\/wp\/v2\/media\/357963"}],"wp:attachment":[{"href":"https:\/\/pop-co.fr\/index.php\/wp-json\/wp\/v2\/media?parent=174386"}],"wp:term":[{"taxonomy":"product_cat","embeddable":true,"href":"https:\/\/pop-co.fr\/index.php\/wp-json\/wp\/v2\/product_cat?post=174386"},{"taxonomy":"product_tag","embeddable":true,"href":"https:\/\/pop-co.fr\/index.php\/wp-json\/wp\/v2\/product_tag?post=174386"}],"curies":[{"name":"wp","href":"https:\/\/api.w.org\/{rel}","templated":true}]}}