{"id":174689,"date":"2024-10-11T15:25:40","date_gmt":"2024-10-11T13:25:40","guid":{"rendered":"https:\/\/pop-co.fr\/index.php\/product\/cendrier-poussoir-grendizer-goldorak\/"},"modified":"2024-10-23T15:33:32","modified_gmt":"2024-10-23T13:33:32","slug":"cendrier-poussoir-grendizer-goldorak","status":"publish","type":"product","link":"https:\/\/pop-co.fr\/index.php\/product\/cendrier-poussoir-grendizer-goldorak\/","title":{"rendered":"CENDRIER POUSSOIR &#8211; GRENDIZER &#8211; Goldorak"},"content":{"rendered":"<p>Cendrier poussoir Goldorak carr\u00e9<br \/>\n*Vendu \u00e0 l&rsquo;unit\u00e9<\/p>\n","protected":false},"excerpt":{"rendered":"<p>Cendrier poussoir Goldorak carr\u00e9 *Vendu \u00e0 l&rsquo;unit\u00e9<\/p>\n","protected":false},"featured_media":185326,"comment_status":"open","ping_status":"closed","template":"","meta":[],"product_cat":[17,18],"product_tag":[],"aioseo_notices":[],"jetpack_sharing_enabled":true,"_links":{"self":[{"href":"https:\/\/pop-co.fr\/index.php\/wp-json\/wp\/v2\/product\/174689"}],"collection":[{"href":"https:\/\/pop-co.fr\/index.php\/wp-json\/wp\/v2\/product"}],"about":[{"href":"https:\/\/pop-co.fr\/index.php\/wp-json\/wp\/v2\/types\/product"}],"replies":[{"embeddable":true,"href":"https:\/\/pop-co.fr\/index.php\/wp-json\/wp\/v2\/comments?post=174689"}],"version-history":[{"count":0,"href":"https:\/\/pop-co.fr\/index.php\/wp-json\/wp\/v2\/product\/174689\/revisions"}],"wp:featuredmedia":[{"embeddable":true,"href":"https:\/\/pop-co.fr\/index.php\/wp-json\/wp\/v2\/media\/185326"}],"wp:attachment":[{"href":"https:\/\/pop-co.fr\/index.php\/wp-json\/wp\/v2\/media?parent=174689"}],"wp:term":[{"taxonomy":"product_cat","embeddable":true,"href":"https:\/\/pop-co.fr\/index.php\/wp-json\/wp\/v2\/product_cat?post=174689"},{"taxonomy":"product_tag","embeddable":true,"href":"https:\/\/pop-co.fr\/index.php\/wp-json\/wp\/v2\/product_tag?post=174689"}],"curies":[{"name":"wp","href":"https:\/\/api.w.org\/{rel}","templated":true}]}}