{"id":17477,"date":"2024-02-20T23:41:11","date_gmt":"2024-02-20T22:41:11","guid":{"rendered":"https:\/\/pop-co.fr\/index.php\/product\/chibi-poster-naruto-uzumaki-naruto-vs-uchiha-sasuke\/"},"modified":"2025-06-28T16:14:50","modified_gmt":"2025-06-28T14:14:50","slug":"chibi-poster-naruto-uzumaki-naruto-vs-uchiha-sasuke","status":"publish","type":"product","link":"https:\/\/pop-co.fr\/index.php\/product\/chibi-poster-naruto-uzumaki-naruto-vs-uchiha-sasuke\/","title":{"rendered":"CHIBI POSTER &#8211; NARUTO &#8211; Uzumaki Naruto VS Uchiha Sasuke"},"content":{"rendered":"<p>Naruto et Sasuke s&rsquo;affrontent sur ce poster Naruto par ABYstyle qui reprend une des c\u00e9l\u00e8bres couvertures du manga. <\/p>\n<p>&#8211; excellent grammage : 170g\/m\u00b2 et pelliculage brillant. Impression haute qualit\u00e9 en offset.<br \/>\n&#8211; Les posters mesurent 52 x 38 cm, en format portrait ou paysage selon les mod\u00e8les.<br \/>\n&#8211; Livr\u00e9 \u00e0 plat<\/p>\n","protected":false},"excerpt":{"rendered":"<p>Naruto et Sasuke s&rsquo;affrontent sur ce poster Naruto par ABYstyle qui reprend une des c\u00e9l\u00e8bres couvertures du manga. &#8211; excellent grammage : 170g\/m\u00b2 et pelliculage brillant. Impression haute qualit\u00e9 en offset. &#8211; Les posters mesurent 52 x 38 cm, en format portrait ou paysage selon les mod\u00e8les. &#8211; Livr\u00e9 \u00e0 plat<\/p>\n","protected":false},"featured_media":338139,"comment_status":"open","ping_status":"closed","template":"","meta":[],"product_cat":[76],"product_tag":[],"aioseo_notices":[],"jetpack_sharing_enabled":true,"_links":{"self":[{"href":"https:\/\/pop-co.fr\/index.php\/wp-json\/wp\/v2\/product\/17477"}],"collection":[{"href":"https:\/\/pop-co.fr\/index.php\/wp-json\/wp\/v2\/product"}],"about":[{"href":"https:\/\/pop-co.fr\/index.php\/wp-json\/wp\/v2\/types\/product"}],"replies":[{"embeddable":true,"href":"https:\/\/pop-co.fr\/index.php\/wp-json\/wp\/v2\/comments?post=17477"}],"version-history":[{"count":0,"href":"https:\/\/pop-co.fr\/index.php\/wp-json\/wp\/v2\/product\/17477\/revisions"}],"wp:featuredmedia":[{"embeddable":true,"href":"https:\/\/pop-co.fr\/index.php\/wp-json\/wp\/v2\/media\/338139"}],"wp:attachment":[{"href":"https:\/\/pop-co.fr\/index.php\/wp-json\/wp\/v2\/media?parent=17477"}],"wp:term":[{"taxonomy":"product_cat","embeddable":true,"href":"https:\/\/pop-co.fr\/index.php\/wp-json\/wp\/v2\/product_cat?post=17477"},{"taxonomy":"product_tag","embeddable":true,"href":"https:\/\/pop-co.fr\/index.php\/wp-json\/wp\/v2\/product_tag?post=17477"}],"curies":[{"name":"wp","href":"https:\/\/api.w.org\/{rel}","templated":true}]}}