{"id":178137,"date":"2024-10-14T18:01:23","date_gmt":"2024-10-14T16:01:23","guid":{"rendered":"https:\/\/pop-co.fr\/index.php\/product\/cartable-disney-stitch-heady\/"},"modified":"2025-07-10T14:52:33","modified_gmt":"2025-07-10T12:52:33","slug":"cartable-disney-stitch-heady","status":"publish","type":"product","link":"https:\/\/pop-co.fr\/index.php\/product\/cartable-disney-stitch-heady\/","title":{"rendered":"CARTABLE &#8211; DISNEY &#8211; Stitch heady"},"content":{"rendered":"<p>Sac bandouli\u00e8re avec compartiment principal zipp\u00e9, poche avant et rabat avec fermeture magn\u00e9tique. Bandouli\u00e8re transformable en bandouli\u00e8re pour le porter comme un sac \u00e0 dos.<br \/>\nDimensions<br \/>\n11,5x27x29cm<br \/>\nPoids net<br \/>\n0,5 kg<br \/>\nComposition<br \/>\nPVC, Polyest\u00e8re<\/p>\n","protected":false},"excerpt":{"rendered":"<p>Sac bandouli\u00e8re avec compartiment principal zipp\u00e9, poche avant et rabat avec fermeture magn\u00e9tique. Bandouli\u00e8re transformable en bandouli\u00e8re pour le porter comme un sac \u00e0 dos. Dimensions 11,5x27x29cm Poids net 0,5 kg Composition PVC, Polyest\u00e8re<\/p>\n","protected":false},"featured_media":354221,"comment_status":"open","ping_status":"closed","template":"","meta":[],"product_cat":[30],"product_tag":[],"aioseo_notices":[],"jetpack_sharing_enabled":true,"_links":{"self":[{"href":"https:\/\/pop-co.fr\/index.php\/wp-json\/wp\/v2\/product\/178137"}],"collection":[{"href":"https:\/\/pop-co.fr\/index.php\/wp-json\/wp\/v2\/product"}],"about":[{"href":"https:\/\/pop-co.fr\/index.php\/wp-json\/wp\/v2\/types\/product"}],"replies":[{"embeddable":true,"href":"https:\/\/pop-co.fr\/index.php\/wp-json\/wp\/v2\/comments?post=178137"}],"version-history":[{"count":0,"href":"https:\/\/pop-co.fr\/index.php\/wp-json\/wp\/v2\/product\/178137\/revisions"}],"wp:featuredmedia":[{"embeddable":true,"href":"https:\/\/pop-co.fr\/index.php\/wp-json\/wp\/v2\/media\/354221"}],"wp:attachment":[{"href":"https:\/\/pop-co.fr\/index.php\/wp-json\/wp\/v2\/media?parent=178137"}],"wp:term":[{"taxonomy":"product_cat","embeddable":true,"href":"https:\/\/pop-co.fr\/index.php\/wp-json\/wp\/v2\/product_cat?post=178137"},{"taxonomy":"product_tag","embeddable":true,"href":"https:\/\/pop-co.fr\/index.php\/wp-json\/wp\/v2\/product_tag?post=178137"}],"curies":[{"name":"wp","href":"https:\/\/api.w.org\/{rel}","templated":true}]}}