{"id":188721,"date":"2024-10-24T14:27:59","date_gmt":"2024-10-24T12:27:59","guid":{"rendered":"https:\/\/pop-co.fr\/index.php\/product\/plateau-ceramique-alice-disney\/"},"modified":"2025-06-28T12:13:04","modified_gmt":"2025-06-28T10:13:04","slug":"plateau-ceramique-alice-disney","status":"publish","type":"product","link":"https:\/\/pop-co.fr\/index.php\/product\/plateau-ceramique-alice-disney\/","title":{"rendered":"PLATEAU CERAMIQUE &#8211; DISNEY &#8211; Alice au pays des merveilles"},"content":{"rendered":"<p>Un ensemble de 2 mini-jardini\u00e8res Disney Alice au pays des merveilles avec de fausses plantes, des produits sous licence officielle con\u00e7us sur mesure pour les superfans. rnrnFabriqu\u00e9 en c\u00e9ramique avec une finition \u00e9maill\u00e9e et dans les couleurs bleu et beige. Cet ensemble est une c\u00e9l\u00e9bration de ce conte fantastique avec de superbes illustrations.rnrnPlein d&rsquo;originalit\u00e9 dans leur design, ces jardini\u00e8res font partie d&rsquo;une collection plus vaste. La collection comprend des cadres photo, des bougies, des vases et bien plus encore, cr\u00e9ant un th\u00e8me coh\u00e9rent et magique pour les passionn\u00e9s de Disney.<\/p>\n","protected":false},"excerpt":{"rendered":"<p>Un ensemble de 2 mini-jardini\u00e8res Disney Alice au pays des merveilles avec de fausses plantes, des produits sous licence officielle con\u00e7us sur mesure pour les superfans. rnrnFabriqu\u00e9 en c\u00e9ramique avec une finition \u00e9maill\u00e9e et dans les couleurs bleu et beige. Cet ensemble est une c\u00e9l\u00e9bration de ce conte fantastique avec de superbes illustrations.rnrnPlein d&rsquo;originalit\u00e9 dans [&hellip;]<\/p>\n","protected":false},"featured_media":345034,"comment_status":"open","ping_status":"closed","template":"","meta":[],"product_cat":[29],"product_tag":[],"aioseo_notices":[],"jetpack_sharing_enabled":true,"_links":{"self":[{"href":"https:\/\/pop-co.fr\/index.php\/wp-json\/wp\/v2\/product\/188721"}],"collection":[{"href":"https:\/\/pop-co.fr\/index.php\/wp-json\/wp\/v2\/product"}],"about":[{"href":"https:\/\/pop-co.fr\/index.php\/wp-json\/wp\/v2\/types\/product"}],"replies":[{"embeddable":true,"href":"https:\/\/pop-co.fr\/index.php\/wp-json\/wp\/v2\/comments?post=188721"}],"version-history":[{"count":0,"href":"https:\/\/pop-co.fr\/index.php\/wp-json\/wp\/v2\/product\/188721\/revisions"}],"wp:featuredmedia":[{"embeddable":true,"href":"https:\/\/pop-co.fr\/index.php\/wp-json\/wp\/v2\/media\/345034"}],"wp:attachment":[{"href":"https:\/\/pop-co.fr\/index.php\/wp-json\/wp\/v2\/media?parent=188721"}],"wp:term":[{"taxonomy":"product_cat","embeddable":true,"href":"https:\/\/pop-co.fr\/index.php\/wp-json\/wp\/v2\/product_cat?post=188721"},{"taxonomy":"product_tag","embeddable":true,"href":"https:\/\/pop-co.fr\/index.php\/wp-json\/wp\/v2\/product_tag?post=188721"}],"curies":[{"name":"wp","href":"https:\/\/api.w.org\/{rel}","templated":true}]}}