{"id":1910,"date":"2024-02-20T17:51:18","date_gmt":"2024-02-20T16:51:18","guid":{"rendered":"https:\/\/pop-co.fr\/index.php\/product\/fnaf-pop-n111-nightmare-freddy\/"},"modified":"2024-02-20T17:51:18","modified_gmt":"2024-02-20T16:51:18","slug":"fnaf-pop-n111-nightmare-freddy","status":"publish","type":"product","link":"https:\/\/pop-co.fr\/index.php\/product\/fnaf-pop-n111-nightmare-freddy\/","title":{"rendered":"FNAF &#8211; POP N\u00b0111 Nightmare Freddy"},"content":{"rendered":"<p>Funko vous pr\u00e9sente cette pop de Nightmare Freddy, l&rsquo;antagoniste principal des Five Nights at freddy&rsquo;s.<br \/>\nIl est un animatronique poss\u00e9d\u00e9 par le fant\u00f4me d&rsquo;un enfant mort par les mains de Willima Afton.<\/p>\n","protected":false},"excerpt":{"rendered":"<p>Funko vous pr\u00e9sente cette pop de Nightmare Freddy, l&rsquo;antagoniste principal des Five Nights at freddy&rsquo;s. Il est un animatronique poss\u00e9d\u00e9 par le fant\u00f4me d&rsquo;un enfant mort par les mains de Willima Afton.<\/p>\n","protected":false},"featured_media":1909,"comment_status":"open","ping_status":"closed","template":"","meta":[],"product_cat":[34,38],"product_tag":[],"aioseo_notices":[],"jetpack_sharing_enabled":true,"_links":{"self":[{"href":"https:\/\/pop-co.fr\/index.php\/wp-json\/wp\/v2\/product\/1910"}],"collection":[{"href":"https:\/\/pop-co.fr\/index.php\/wp-json\/wp\/v2\/product"}],"about":[{"href":"https:\/\/pop-co.fr\/index.php\/wp-json\/wp\/v2\/types\/product"}],"replies":[{"embeddable":true,"href":"https:\/\/pop-co.fr\/index.php\/wp-json\/wp\/v2\/comments?post=1910"}],"version-history":[{"count":0,"href":"https:\/\/pop-co.fr\/index.php\/wp-json\/wp\/v2\/product\/1910\/revisions"}],"wp:featuredmedia":[{"embeddable":true,"href":"https:\/\/pop-co.fr\/index.php\/wp-json\/wp\/v2\/media\/1909"}],"wp:attachment":[{"href":"https:\/\/pop-co.fr\/index.php\/wp-json\/wp\/v2\/media?parent=1910"}],"wp:term":[{"taxonomy":"product_cat","embeddable":true,"href":"https:\/\/pop-co.fr\/index.php\/wp-json\/wp\/v2\/product_cat?post=1910"},{"taxonomy":"product_tag","embeddable":true,"href":"https:\/\/pop-co.fr\/index.php\/wp-json\/wp\/v2\/product_tag?post=1910"}],"curies":[{"name":"wp","href":"https:\/\/api.w.org\/{rel}","templated":true}]}}