{"id":192456,"date":"2024-10-30T15:46:44","date_gmt":"2024-10-30T14:46:44","guid":{"rendered":"https:\/\/pop-co.fr\/index.php\/product\/one-piece-ace\/"},"modified":"2025-06-28T12:11:00","modified_gmt":"2025-06-28T10:11:00","slug":"one-piece-ace","status":"publish","type":"product","link":"https:\/\/pop-co.fr\/index.php\/product\/one-piece-ace\/","title":{"rendered":"ONE PIECE &#8211; Portgas D Ace &#8211; Figurine 17cm"},"content":{"rendered":"<p>ONE PIECE &#8211; Ace \u00ab\u00a0Bounty Rush 5th Anniv.\u00a0\u00bb &#8211; Statuette FiguartsZERO 17cm<br \/>\nComposition : PVC<\/p>\n<p>Statuette en PVC haute qualit\u00e9, taille env. 17 cm, en emballage bo\u00eete-fen\u00eatre. Mod\u00e8le de la collection FiguartsZERO, fabriqu\u00e9 par Tamashii Nations.<\/p>\n","protected":false},"excerpt":{"rendered":"<p>ONE PIECE &#8211; Ace \u00ab\u00a0Bounty Rush 5th Anniv.\u00a0\u00bb &#8211; Statuette FiguartsZERO 17cm Composition : PVC Statuette en PVC haute qualit\u00e9, taille env. 17 cm, en emballage bo\u00eete-fen\u00eatre. Mod\u00e8le de la collection FiguartsZERO, fabriqu\u00e9 par Tamashii Nations.<\/p>\n","protected":false},"featured_media":337436,"comment_status":"open","ping_status":"closed","template":"","meta":[],"product_cat":[17,22],"product_tag":[],"aioseo_notices":[],"jetpack_sharing_enabled":true,"_links":{"self":[{"href":"https:\/\/pop-co.fr\/index.php\/wp-json\/wp\/v2\/product\/192456"}],"collection":[{"href":"https:\/\/pop-co.fr\/index.php\/wp-json\/wp\/v2\/product"}],"about":[{"href":"https:\/\/pop-co.fr\/index.php\/wp-json\/wp\/v2\/types\/product"}],"replies":[{"embeddable":true,"href":"https:\/\/pop-co.fr\/index.php\/wp-json\/wp\/v2\/comments?post=192456"}],"version-history":[{"count":0,"href":"https:\/\/pop-co.fr\/index.php\/wp-json\/wp\/v2\/product\/192456\/revisions"}],"wp:featuredmedia":[{"embeddable":true,"href":"https:\/\/pop-co.fr\/index.php\/wp-json\/wp\/v2\/media\/337436"}],"wp:attachment":[{"href":"https:\/\/pop-co.fr\/index.php\/wp-json\/wp\/v2\/media?parent=192456"}],"wp:term":[{"taxonomy":"product_cat","embeddable":true,"href":"https:\/\/pop-co.fr\/index.php\/wp-json\/wp\/v2\/product_cat?post=192456"},{"taxonomy":"product_tag","embeddable":true,"href":"https:\/\/pop-co.fr\/index.php\/wp-json\/wp\/v2\/product_tag?post=192456"}],"curies":[{"name":"wp","href":"https:\/\/api.w.org\/{rel}","templated":true}]}}