{"id":198074,"date":"2024-11-07T15:52:15","date_gmt":"2024-11-07T14:52:15","guid":{"rendered":"https:\/\/pop-co.fr\/index.php\/product\/joylamp-naruto-akatsuki\/"},"modified":"2025-06-28T12:18:41","modified_gmt":"2025-06-28T10:18:41","slug":"joylamp-naruto-akatsuki","status":"publish","type":"product","link":"https:\/\/pop-co.fr\/index.php\/product\/joylamp-naruto-akatsuki\/","title":{"rendered":"JOYLAMP &#8211; NARUTO &#8211; Akatsuki"},"content":{"rendered":"<p>LA PLUS GRANDE ORGANISATION CRIMINELLE DE SHIPPUDEN<\/p>\n<p>Cette LAMPE MANGA reprend une sc\u00e8ne magistrale de Naruto Shippuden.<br \/>\nC\u2019est l\u2019une des rares fois o\u00f9 vous verrez tous les membres de<br \/>\nl\u2019AKATSUKI r\u00e9unit. Le design repr\u00e9sente chaque membre de cette<br \/>\norganisation.<\/p>\n<p>Vous d\u00e9couvrirez des ninjas qui ont marqu\u00e9 leur temps, comme le<br \/>\nc\u00e9l\u00e8bre ITACHI UCHIHA. Un des DERNIERS MEMBRES de son clan encore<br \/>\nvivant.<\/p>\n<p>Parmi l\u2019Akatsuki, il y a aussi des personnages moins connus, mais<br \/>\npourtant tr\u00e8s puissants. Parmi eux se trouve KISAME, le terrible<br \/>\nNINJA REQUIN ! Il y aussi DEIDARA ou encore OROCHIMARU qui sont de<br \/>\nVALEUREUX COMBATTANT.<\/p>\n<p>Le chef de cette organisation est sans nul doute PAIN. Un ANTAGONISTE<br \/>\nCHARISMATIQUE qui a d\u00e9truit Konoha gr\u00e2ce \u00e0 son RINNEGAN.<\/p>\n<p>Nous sommes fiers de pouvoir vous proposer plusieurs personnages de<br \/>\nl&rsquo;Akatsuki en JoyLamp. Parmi eux, se trouve la LAMPE ITACHI SUSANOO<br \/>\n[https:\/\/joylamp.fr\/products\/joylamp-itachi-armure-susanoo] ! Le<br \/>\nUchiha le plus respect\u00e9 de son clan gr\u00e2ce \u00e0 son GENJUTSU ET<br \/>\nNINJUTSU infaillible.<\/p>\n<p>UNE LAMPE MANGA QUI SERA \u00c9CLAIRER VOTRE CHAMBRE<\/p>\n<p>Avec JoyLamp vous n\u2019\u00eates pas au bout de vos surprises. En effet, un<br \/>\nPACKAGING SP\u00c9CIAL accompagnera votre LAMPE AKATSUKI. La boite reprend<br \/>\nle design de la TECHNIQUE DE NARUTO UZUMAKI, le Rasengan !<\/p>\n<p>Vous pourrez D\u00c9CORER VOTRE CHAMBRE avec une JoyLamp. Elle poss\u00e8de 16<br \/>\nCOULEURS ET 6 TONALIT\u00c9S diff\u00e9rentes. Vous allez pouvoir la<br \/>\ncontr\u00f4ler gr\u00e2ce \u00e0 sa t\u00e9l\u00e9commande Bluetooth.<\/p>\n<p>D\u00e9couvrez une NOUVELLE MANI\u00c8RE de visionner vos anim\u00e9s !<\/p>\n<p>[naruto x joylamp packaging title] [packaging naruto shippuden<br \/>\njoylamp] <\/p>\n<p>\u00a9 2002 MASASHI KISHIMOTO \/ 2007 SHIPPUDEN All Rights Reserved.<\/p>\n","protected":false},"excerpt":{"rendered":"<p>LA PLUS GRANDE ORGANISATION CRIMINELLE DE SHIPPUDEN Cette LAMPE MANGA reprend une sc\u00e8ne magistrale de Naruto Shippuden. C\u2019est l\u2019une des rares fois o\u00f9 vous verrez tous les membres de l\u2019AKATSUKI r\u00e9unit. Le design repr\u00e9sente chaque membre de cette organisation. Vous d\u00e9couvrirez des ninjas qui ont marqu\u00e9 leur temps, comme le c\u00e9l\u00e8bre ITACHI UCHIHA. Un des [&hellip;]<\/p>\n","protected":false},"featured_media":339381,"comment_status":"open","ping_status":"closed","template":"","meta":[],"product_cat":[17,21],"product_tag":[],"aioseo_notices":[],"jetpack_sharing_enabled":true,"_links":{"self":[{"href":"https:\/\/pop-co.fr\/index.php\/wp-json\/wp\/v2\/product\/198074"}],"collection":[{"href":"https:\/\/pop-co.fr\/index.php\/wp-json\/wp\/v2\/product"}],"about":[{"href":"https:\/\/pop-co.fr\/index.php\/wp-json\/wp\/v2\/types\/product"}],"replies":[{"embeddable":true,"href":"https:\/\/pop-co.fr\/index.php\/wp-json\/wp\/v2\/comments?post=198074"}],"version-history":[{"count":0,"href":"https:\/\/pop-co.fr\/index.php\/wp-json\/wp\/v2\/product\/198074\/revisions"}],"wp:featuredmedia":[{"embeddable":true,"href":"https:\/\/pop-co.fr\/index.php\/wp-json\/wp\/v2\/media\/339381"}],"wp:attachment":[{"href":"https:\/\/pop-co.fr\/index.php\/wp-json\/wp\/v2\/media?parent=198074"}],"wp:term":[{"taxonomy":"product_cat","embeddable":true,"href":"https:\/\/pop-co.fr\/index.php\/wp-json\/wp\/v2\/product_cat?post=198074"},{"taxonomy":"product_tag","embeddable":true,"href":"https:\/\/pop-co.fr\/index.php\/wp-json\/wp\/v2\/product_tag?post=198074"}],"curies":[{"name":"wp","href":"https:\/\/api.w.org\/{rel}","templated":true}]}}