{"id":198096,"date":"2024-11-07T15:58:37","date_gmt":"2024-11-07T14:58:37","guid":{"rendered":"https:\/\/pop-co.fr\/index.php\/product\/joylamp-naruto-kurama-kyuubi\/"},"modified":"2025-06-28T12:18:39","modified_gmt":"2025-06-28T10:18:39","slug":"joylamp-naruto-kurama-kyuubi","status":"publish","type":"product","link":"https:\/\/pop-co.fr\/index.php\/product\/joylamp-naruto-kurama-kyuubi\/","title":{"rendered":"JOYLAMP &#8211; NARUTO &#8211; Kurama (Kyuubi)"},"content":{"rendered":"<p>LA LAMPE KURAMA, LE PLUS FID\u00c8LE AMI DE NARUTO<\/p>\n<p>Une JoyLamp qui en ravira plus d\u2019un ! D\u00e9couvrez le D\u00c9MON RENARD \u00c0<br \/>\n9 QUEUES en lampe manga et en exclusivit\u00e9 sur notre boutique. Cette<br \/>\nLED fait partie de notre s\u00e9lection des meilleures LAMPES NARUTO<br \/>\nSHIPPUDEN.<\/p>\n<p>Le design reprend KURAMA dans sa forme la plus f\u00e9roce. Les d\u00e9tails<br \/>\ngrav\u00e9s sur la VITRE EN ACRYLIQUE sont impressionnants. Notre \u00e9quipe<br \/>\nde designers \u00e0 r\u00e9alis\u00e9 une JOYLAMP dans le but de vous permettre<br \/>\nd\u2019illuminer votre chambre.<\/p>\n<p>Que serait Kurama sans son fid\u00e8le compagnon ? D\u00e9couvrez la LAMPE<br \/>\nNARUTO UZUMAKI [https:\/\/joylamp.fr\/products\/lampe-naruto-ninja] d\u00e8s<br \/>\nmaintenant ! Le plus grand des ninjas de Konoha pour \u00e9clairer votre<br \/>\nchambre de 16 couleurs diff\u00e9rentes.<\/p>\n<p>Nous connaissons tous ce d\u00e9mon appel\u00e9 aussi KYUBI. Il est connu<br \/>\ncomme le plus fid\u00e8le ami de Naruto dans l\u2019anim\u00e9. Depuis sa<br \/>\nnaissance il est pr\u00e9sent dans sa vie. Leur relation \u00e9tait<br \/>\ncompliqu\u00e9e \u00e0 ses d\u00e9buts mais d\u00e9sormais ils forment LE PLUS GRAND<br \/>\nDUO jamais vu !<\/p>\n<p>LA JOYLAMP POUR LES FANS DU MANGA DE MASASHI KISHIMOTO<\/p>\n<p>Vous avez ador\u00e9 voir Kyubi durant NARUTO SHIPPUDEN. Et ce n\u2019est pas<br \/>\nfini ! Retrouvez le en LAMPE MANGA d\u00e8s maintenant sur notre boutique.<br \/>\nOffrez-vous cette LED qui a tant fait parler d\u2019elle, tant<br \/>\nappr\u00e9ci\u00e9e par NOTRE COMMUNAUT\u00c9.<\/p>\n<p>La Joylamp poss\u00e8de 16 COULEURS ET 6 TONALIT\u00c9S, ainsi que 4 modes de<br \/>\nchangements. Vivez une EXP\u00c9RIENCE IMMERSIVE dans votre anim\u00e9<br \/>\npr\u00e9f\u00e9r\u00e9 ! Avec la t\u00e9l\u00e9commande vous pouvez changer l\u2019ambiance<br \/>\nde votre chambre \u00e0 votre guise.<\/p>\n<p>[naruto x joylamp packaging title] [packaging naruto shippuden<br \/>\njoylamp] <\/p>\n<p>\u00a9 2002 MASASHI KISHIMOTO \/ 2007 SHIPPUDEN All Rights Reserved.<\/p>\n","protected":false},"excerpt":{"rendered":"<p>LA LAMPE KURAMA, LE PLUS FID\u00c8LE AMI DE NARUTO Une JoyLamp qui en ravira plus d\u2019un ! D\u00e9couvrez le D\u00c9MON RENARD \u00c0 9 QUEUES en lampe manga et en exclusivit\u00e9 sur notre boutique. Cette LED fait partie de notre s\u00e9lection des meilleures LAMPES NARUTO SHIPPUDEN. Le design reprend KURAMA dans sa forme la plus f\u00e9roce. [&hellip;]<\/p>\n","protected":false},"featured_media":306801,"comment_status":"open","ping_status":"closed","template":"","meta":[],"product_cat":[17,21],"product_tag":[],"aioseo_notices":[],"jetpack_sharing_enabled":true,"_links":{"self":[{"href":"https:\/\/pop-co.fr\/index.php\/wp-json\/wp\/v2\/product\/198096"}],"collection":[{"href":"https:\/\/pop-co.fr\/index.php\/wp-json\/wp\/v2\/product"}],"about":[{"href":"https:\/\/pop-co.fr\/index.php\/wp-json\/wp\/v2\/types\/product"}],"replies":[{"embeddable":true,"href":"https:\/\/pop-co.fr\/index.php\/wp-json\/wp\/v2\/comments?post=198096"}],"version-history":[{"count":0,"href":"https:\/\/pop-co.fr\/index.php\/wp-json\/wp\/v2\/product\/198096\/revisions"}],"wp:featuredmedia":[{"embeddable":true,"href":"https:\/\/pop-co.fr\/index.php\/wp-json\/wp\/v2\/media\/306801"}],"wp:attachment":[{"href":"https:\/\/pop-co.fr\/index.php\/wp-json\/wp\/v2\/media?parent=198096"}],"wp:term":[{"taxonomy":"product_cat","embeddable":true,"href":"https:\/\/pop-co.fr\/index.php\/wp-json\/wp\/v2\/product_cat?post=198096"},{"taxonomy":"product_tag","embeddable":true,"href":"https:\/\/pop-co.fr\/index.php\/wp-json\/wp\/v2\/product_tag?post=198096"}],"curies":[{"name":"wp","href":"https:\/\/api.w.org\/{rel}","templated":true}]}}