{"id":198657,"date":"2024-11-08T15:56:13","date_gmt":"2024-11-08T14:56:13","guid":{"rendered":"https:\/\/pop-co.fr\/index.php\/product\/sac-a-dos-loungefly-disney-winnie-lourson-holiday-scene-3\/"},"modified":"2025-07-29T12:06:22","modified_gmt":"2025-07-29T10:06:22","slug":"sac-a-dos-loungefly-disney-winnie-lourson-holiday-scene-3","status":"publish","type":"product","link":"https:\/\/pop-co.fr\/index.php\/product\/sac-a-dos-loungefly-disney-winnie-lourson-holiday-scene-3\/","title":{"rendered":"SAC A DOS LOUNGEFLY &#8211; DISNEY &#8211; Winnie l\u2019ourson holiday scene"},"content":{"rendered":"<p>La For\u00eat des r\u00eaves bleus a l&rsquo;air festive ! Joignez-vous \u00e0 la f\u00eate avec notre sac \u00e0 dos Winnie l&rsquo;ourson et ses amis de Disney. Un accueil chaleureux vous accueille \u00e0 la porte du sapin de Winnie l&rsquo;ourson. Des d\u00e9tails appliqu\u00e9s r\u00e9v\u00e8lent Winnie l&rsquo;ourson, ainsi que Porcinet, Bourriquet et Tigrou de Disney avec une couronne autour du cou. Derri\u00e8re eux, vous d\u00e9couvrirez \u00e9galement une chemin\u00e9e. Des d\u00e9tails lumineux permettent une pr\u00e9sentation festive, tandis que des ampoules color\u00e9es encadrent la sc\u00e8ne. Au dos, Winnie l&rsquo;ourson fait un rappel derri\u00e8re son sapin, et il construit un \u00ab ours des neiges \u00bb. Rendez la saison encore plus lumineuse et joyeuse avec cet accessoire adorable.<br \/>\nCaract\u00e9ristiques :<br \/>\nCuir v\u00e9g\u00e9talien (polyur\u00e9thane)<br \/>\nBretelles rembourr\u00e9es et r\u00e9glables<br \/>\nPanneaux lat\u00e9raux avec illustration<br \/>\nCompartiment principal zipp\u00e9<br \/>\nQuincaillerie en m\u00e9tal dor\u00e9<br \/>\nD\u00e9tails appliqu\u00e9s, imprim\u00e9s, grav\u00e9s, paillet\u00e9s et lumineux<br \/>\nBatterie rechargeable<br \/>\nDoublure int\u00e9rieure coordonn\u00e9e<\/p>\n","protected":false},"excerpt":{"rendered":"<p>La For\u00eat des r\u00eaves bleus a l&rsquo;air festive ! Joignez-vous \u00e0 la f\u00eate avec notre sac \u00e0 dos Winnie l&rsquo;ourson et ses amis de Disney. Un accueil chaleureux vous accueille \u00e0 la porte du sapin de Winnie l&rsquo;ourson. Des d\u00e9tails appliqu\u00e9s r\u00e9v\u00e8lent Winnie l&rsquo;ourson, ainsi que Porcinet, Bourriquet et Tigrou de Disney avec une couronne [&hellip;]<\/p>\n","protected":false},"featured_media":356738,"comment_status":"open","ping_status":"closed","template":"","meta":[],"product_cat":[47,48],"product_tag":[],"aioseo_notices":[],"jetpack_sharing_enabled":true,"_links":{"self":[{"href":"https:\/\/pop-co.fr\/index.php\/wp-json\/wp\/v2\/product\/198657"}],"collection":[{"href":"https:\/\/pop-co.fr\/index.php\/wp-json\/wp\/v2\/product"}],"about":[{"href":"https:\/\/pop-co.fr\/index.php\/wp-json\/wp\/v2\/types\/product"}],"replies":[{"embeddable":true,"href":"https:\/\/pop-co.fr\/index.php\/wp-json\/wp\/v2\/comments?post=198657"}],"version-history":[{"count":0,"href":"https:\/\/pop-co.fr\/index.php\/wp-json\/wp\/v2\/product\/198657\/revisions"}],"wp:featuredmedia":[{"embeddable":true,"href":"https:\/\/pop-co.fr\/index.php\/wp-json\/wp\/v2\/media\/356738"}],"wp:attachment":[{"href":"https:\/\/pop-co.fr\/index.php\/wp-json\/wp\/v2\/media?parent=198657"}],"wp:term":[{"taxonomy":"product_cat","embeddable":true,"href":"https:\/\/pop-co.fr\/index.php\/wp-json\/wp\/v2\/product_cat?post=198657"},{"taxonomy":"product_tag","embeddable":true,"href":"https:\/\/pop-co.fr\/index.php\/wp-json\/wp\/v2\/product_tag?post=198657"}],"curies":[{"name":"wp","href":"https:\/\/api.w.org\/{rel}","templated":true}]}}