{"id":199799,"date":"2024-11-09T10:15:39","date_gmt":"2024-11-09T09:15:39","guid":{"rendered":"https:\/\/pop-co.fr\/index.php\/product\/mug-3d-hello-kitty-daruma-2\/"},"modified":"2025-06-28T12:09:25","modified_gmt":"2025-06-28T10:09:25","slug":"mug-3d-hello-kitty-daruma-2","status":"publish","type":"product","link":"https:\/\/pop-co.fr\/index.php\/product\/mug-3d-hello-kitty-daruma-2\/","title":{"rendered":"MUG 3D &#8211; HELLO KITTY &#8211; Daruma"},"content":{"rendered":"<p>Le mug 3D Daruma Hello Kitty offre une contenance standard de pr\u00e8s de 320 ml, parfaite pour savourer sa boisson pr\u00e9f\u00e9r\u00e9e.<br \/>\n&#8211; Compatible avec le lave-vaisselle et le micro-ondes, offrant ainsi une facilit\u00e9 d&rsquo;utilisation et d&rsquo;entretien optimale.<br \/>\n&#8211; Ce mug est sous licence officielle<\/p>\n","protected":false},"excerpt":{"rendered":"<p>Le mug 3D Daruma Hello Kitty offre une contenance standard de pr\u00e8s de 320 ml, parfaite pour savourer sa boisson pr\u00e9f\u00e9r\u00e9e. &#8211; Compatible avec le lave-vaisselle et le micro-ondes, offrant ainsi une facilit\u00e9 d&rsquo;utilisation et d&rsquo;entretien optimale. &#8211; Ce mug est sous licence officielle<\/p>\n","protected":false},"featured_media":312425,"comment_status":"open","ping_status":"closed","template":"","meta":[],"product_cat":[80,17],"product_tag":[],"aioseo_notices":[],"jetpack_sharing_enabled":true,"_links":{"self":[{"href":"https:\/\/pop-co.fr\/index.php\/wp-json\/wp\/v2\/product\/199799"}],"collection":[{"href":"https:\/\/pop-co.fr\/index.php\/wp-json\/wp\/v2\/product"}],"about":[{"href":"https:\/\/pop-co.fr\/index.php\/wp-json\/wp\/v2\/types\/product"}],"replies":[{"embeddable":true,"href":"https:\/\/pop-co.fr\/index.php\/wp-json\/wp\/v2\/comments?post=199799"}],"version-history":[{"count":0,"href":"https:\/\/pop-co.fr\/index.php\/wp-json\/wp\/v2\/product\/199799\/revisions"}],"wp:featuredmedia":[{"embeddable":true,"href":"https:\/\/pop-co.fr\/index.php\/wp-json\/wp\/v2\/media\/312425"}],"wp:attachment":[{"href":"https:\/\/pop-co.fr\/index.php\/wp-json\/wp\/v2\/media?parent=199799"}],"wp:term":[{"taxonomy":"product_cat","embeddable":true,"href":"https:\/\/pop-co.fr\/index.php\/wp-json\/wp\/v2\/product_cat?post=199799"},{"taxonomy":"product_tag","embeddable":true,"href":"https:\/\/pop-co.fr\/index.php\/wp-json\/wp\/v2\/product_tag?post=199799"}],"curies":[{"name":"wp","href":"https:\/\/api.w.org\/{rel}","templated":true}]}}