{"id":2014,"date":"2024-02-20T17:53:31","date_gmt":"2024-02-20T16:53:31","guid":{"rendered":"https:\/\/pop-co.fr\/index.php\/product\/carnet-3d-wednesday-enid\/"},"modified":"2025-07-29T11:21:19","modified_gmt":"2025-07-29T09:21:19","slug":"carnet-3d-wednesday-enid","status":"publish","type":"product","link":"https:\/\/pop-co.fr\/index.php\/product\/carnet-3d-wednesday-enid\/","title":{"rendered":"CARNET 3D &#8211; WEDNESDAY &#8211; Enid"},"content":{"rendered":"<p>Embarquez pour une aventure visuelle avec notre carnet lenticulaire Enid. La combinaison de l&rsquo;effet 3D et de l&rsquo;image captivante d&rsquo;Enid vous transportera dans son monde fantastique, o\u00f9 les r\u00eaves deviennent r\u00e9alit\u00e9 \u00e0 chaque page.<\/p>\n<p>Dimensions : 15 x 21 x 2 cm 15 x 21 x 2 cm<\/p>\n","protected":false},"excerpt":{"rendered":"<p>Embarquez pour une aventure visuelle avec notre carnet lenticulaire Enid. La combinaison de l&rsquo;effet 3D et de l&rsquo;image captivante d&rsquo;Enid vous transportera dans son monde fantastique, o\u00f9 les r\u00eaves deviennent r\u00e9alit\u00e9 \u00e0 chaque page. Dimensions : 15 x 21 x 2 cm 15 x 21 x 2 cm<\/p>\n","protected":false},"featured_media":356316,"comment_status":"open","ping_status":"closed","template":"","meta":[],"product_cat":[39,64],"product_tag":[],"aioseo_notices":[],"jetpack_sharing_enabled":true,"_links":{"self":[{"href":"https:\/\/pop-co.fr\/index.php\/wp-json\/wp\/v2\/product\/2014"}],"collection":[{"href":"https:\/\/pop-co.fr\/index.php\/wp-json\/wp\/v2\/product"}],"about":[{"href":"https:\/\/pop-co.fr\/index.php\/wp-json\/wp\/v2\/types\/product"}],"replies":[{"embeddable":true,"href":"https:\/\/pop-co.fr\/index.php\/wp-json\/wp\/v2\/comments?post=2014"}],"version-history":[{"count":0,"href":"https:\/\/pop-co.fr\/index.php\/wp-json\/wp\/v2\/product\/2014\/revisions"}],"wp:featuredmedia":[{"embeddable":true,"href":"https:\/\/pop-co.fr\/index.php\/wp-json\/wp\/v2\/media\/356316"}],"wp:attachment":[{"href":"https:\/\/pop-co.fr\/index.php\/wp-json\/wp\/v2\/media?parent=2014"}],"wp:term":[{"taxonomy":"product_cat","embeddable":true,"href":"https:\/\/pop-co.fr\/index.php\/wp-json\/wp\/v2\/product_cat?post=2014"},{"taxonomy":"product_tag","embeddable":true,"href":"https:\/\/pop-co.fr\/index.php\/wp-json\/wp\/v2\/product_tag?post=2014"}],"curies":[{"name":"wp","href":"https:\/\/api.w.org\/{rel}","templated":true}]}}