{"id":209928,"date":"2024-11-19T17:48:34","date_gmt":"2024-11-19T16:48:34","guid":{"rendered":"https:\/\/pop-co.fr\/index.php\/product\/replique-one-piece-chapeau-trafalgar-law\/"},"modified":"2025-09-15T16:15:47","modified_gmt":"2025-09-15T14:15:47","slug":"replique-one-piece-chapeau-trafalgar-law","status":"publish","type":"product","link":"https:\/\/pop-co.fr\/index.php\/product\/replique-one-piece-chapeau-trafalgar-law\/","title":{"rendered":"REPLIQUE &#8211; ONE PIECE &#8211; Chapeau Trafalgar Law"},"content":{"rendered":"<p>Trafalgar D. Water Law, le Chirurgien de la Mort est pr\u00eat \u00e0 retourner le monde ! Gouvernement mondial, Empereurs des Mers, Marine, aucun obstacle n&#8217;emp\u00eachera le raz-de-mar\u00e9e des D. selon lui. Son alliance avec Luffy et sa ma\u00eetrise du Ope Ope no Mi font de lui, l&rsquo;un des hommes les plus dangereux des mers ! Vous aussi, int\u00e9grez l&rsquo;\u00e9quipage du Heart gr\u00e2ce \u00e0 la Casquette Cosplay Trafalgar Law par ABYstyle. <\/p>\n<p>&#8211; Casquette cosplay Trafalgar Law<br \/>\n-Taille adulte qui s\u2019adapte \u00e0 de nombreuses morphologies de t\u00eate gr\u00e2ce \u00e0 son \u00e9lastique \u00e0 l\u2019arri\u00e8re<br \/>\n&#8211; Rembourrage sur le dessus de la casquette pour un volume parfait<br \/>\n&#8211; Dimensions : diam\u00e8tre 19 cm, hauteur 18 cm<br \/>\n&#8211; Blanc avec motif mouchet\u00e9 marron noir<br \/>\n&#8211; 100% polyester (mat\u00e9riau doux au toucher)<br \/>\n&#8211; Lavable en surface uniquement<br \/>\n&#8211; Packaging : crochet + cartonnette<\/p>\n","protected":false},"excerpt":{"rendered":"<p>Trafalgar D. Water Law, le Chirurgien de la Mort est pr\u00eat \u00e0 retourner le monde ! Gouvernement mondial, Empereurs des Mers, Marine, aucun obstacle n&#8217;emp\u00eachera le raz-de-mar\u00e9e des D. selon lui. Son alliance avec Luffy et sa ma\u00eetrise du Ope Ope no Mi font de lui, l&rsquo;un des hommes les plus dangereux des mers ! [&hellip;]<\/p>\n","protected":false},"featured_media":358596,"comment_status":"open","ping_status":"closed","template":"","meta":[],"product_cat":[17,22],"product_tag":[],"aioseo_notices":[],"jetpack_sharing_enabled":true,"_links":{"self":[{"href":"https:\/\/pop-co.fr\/index.php\/wp-json\/wp\/v2\/product\/209928"}],"collection":[{"href":"https:\/\/pop-co.fr\/index.php\/wp-json\/wp\/v2\/product"}],"about":[{"href":"https:\/\/pop-co.fr\/index.php\/wp-json\/wp\/v2\/types\/product"}],"replies":[{"embeddable":true,"href":"https:\/\/pop-co.fr\/index.php\/wp-json\/wp\/v2\/comments?post=209928"}],"version-history":[{"count":0,"href":"https:\/\/pop-co.fr\/index.php\/wp-json\/wp\/v2\/product\/209928\/revisions"}],"wp:featuredmedia":[{"embeddable":true,"href":"https:\/\/pop-co.fr\/index.php\/wp-json\/wp\/v2\/media\/358596"}],"wp:attachment":[{"href":"https:\/\/pop-co.fr\/index.php\/wp-json\/wp\/v2\/media?parent=209928"}],"wp:term":[{"taxonomy":"product_cat","embeddable":true,"href":"https:\/\/pop-co.fr\/index.php\/wp-json\/wp\/v2\/product_cat?post=209928"},{"taxonomy":"product_tag","embeddable":true,"href":"https:\/\/pop-co.fr\/index.php\/wp-json\/wp\/v2\/product_tag?post=209928"}],"curies":[{"name":"wp","href":"https:\/\/api.w.org\/{rel}","templated":true}]}}