{"id":210176,"date":"2024-11-19T18:46:45","date_gmt":"2024-11-19T17:46:45","guid":{"rendered":"https:\/\/pop-co.fr\/index.php\/product\/porte-cles-mystere-hello-kitty-mini-sac-dos\/"},"modified":"2025-09-08T12:29:52","modified_gmt":"2025-09-08T10:29:52","slug":"porte-cles-mystere-hello-kitty-mini-sac-dos","status":"publish","type":"product","link":"https:\/\/pop-co.fr\/index.php\/product\/porte-cles-mystere-hello-kitty-mini-sac-dos\/","title":{"rendered":"PORTE CLES MYSTERE &#8211; SANRIO &#8211; Mini Sac dos"},"content":{"rendered":"<p>*ATTENTION PRODUIT AL\u00c9ATOIRE NE POUVANT \u00caTRE RETOURN\u00c9*<\/p>\n<p>Partagez des sourires sur des kilom\u00e8tres lorsque vous voyagez avec nos mini sacs \u00e0 dos Loungefly Sanrio Hello Kitty 50e anniversaire Classic Mystery Box. Chaque porte-cl\u00e9s de mini sac \u00e0 dos appliqu\u00e9 est con\u00e7u comme un mini sac \u00e0 dos Loungefly classique avec des caract\u00e9ristiques de personnage super mignonnes, comme des oreilles appliqu\u00e9es qui d\u00e9passent sur le dessus. Il y a \u00e9galement un compartiment zipp\u00e9 pour s\u00e9curiser les petits tr\u00e9sors lors de vos voyages. Les personnages incluent My Melody, Hello Kitty, Keroppi, Kuromi, Cinnamoroll et Pompompurin. Ces porte-cl\u00e9s sont livr\u00e9s dans un emballage bo\u00eete myst\u00e8re. Collectionnez-les tous et voyagez vers tous vos endroits pr\u00e9f\u00e9r\u00e9s avec votre personnage.<br \/>\nLes mini sacs \u00e0 dos Loungefly Sanrio Hello Kitty 50th Anniversary Classic Mystery Box sont fabriqu\u00e9s en cuir v\u00e9g\u00e9talien (polyur\u00e9thane) et sont livr\u00e9s avec des mousquetons amovibles, vous pouvez donc les attacher \u00e0 d&rsquo;autres accessoires Loungefly. Les autres caract\u00e9ristiques comprennent des d\u00e9tails m\u00e9talliques dor\u00e9s, des appliques et des d\u00e9tails imprim\u00e9s. Notez la doublure int\u00e9rieure coordonn\u00e9e orn\u00e9e du logo Loungefly.<br \/>\nCes mini porte-cl\u00e9s de sac \u00e0 dos sont sous licence officielle.<\/p>\n","protected":false},"excerpt":{"rendered":"<p>*ATTENTION PRODUIT AL\u00c9ATOIRE NE POUVANT \u00caTRE RETOURN\u00c9* Partagez des sourires sur des kilom\u00e8tres lorsque vous voyagez avec nos mini sacs \u00e0 dos Loungefly Sanrio Hello Kitty 50e anniversaire Classic Mystery Box. Chaque porte-cl\u00e9s de mini sac \u00e0 dos appliqu\u00e9 est con\u00e7u comme un mini sac \u00e0 dos Loungefly classique avec des caract\u00e9ristiques de personnage super [&hellip;]<\/p>\n","protected":false},"featured_media":358278,"comment_status":"open","ping_status":"closed","template":"","meta":[],"product_cat":[17,80],"product_tag":[],"aioseo_notices":[],"jetpack_sharing_enabled":true,"_links":{"self":[{"href":"https:\/\/pop-co.fr\/index.php\/wp-json\/wp\/v2\/product\/210176"}],"collection":[{"href":"https:\/\/pop-co.fr\/index.php\/wp-json\/wp\/v2\/product"}],"about":[{"href":"https:\/\/pop-co.fr\/index.php\/wp-json\/wp\/v2\/types\/product"}],"replies":[{"embeddable":true,"href":"https:\/\/pop-co.fr\/index.php\/wp-json\/wp\/v2\/comments?post=210176"}],"version-history":[{"count":0,"href":"https:\/\/pop-co.fr\/index.php\/wp-json\/wp\/v2\/product\/210176\/revisions"}],"wp:featuredmedia":[{"embeddable":true,"href":"https:\/\/pop-co.fr\/index.php\/wp-json\/wp\/v2\/media\/358278"}],"wp:attachment":[{"href":"https:\/\/pop-co.fr\/index.php\/wp-json\/wp\/v2\/media?parent=210176"}],"wp:term":[{"taxonomy":"product_cat","embeddable":true,"href":"https:\/\/pop-co.fr\/index.php\/wp-json\/wp\/v2\/product_cat?post=210176"},{"taxonomy":"product_tag","embeddable":true,"href":"https:\/\/pop-co.fr\/index.php\/wp-json\/wp\/v2\/product_tag?post=210176"}],"curies":[{"name":"wp","href":"https:\/\/api.w.org\/{rel}","templated":true}]}}