{"id":210178,"date":"2024-11-19T18:47:01","date_gmt":"2024-11-19T17:47:01","guid":{"rendered":"https:\/\/pop-co.fr\/index.php\/product\/porte-cles-mystere-disney-mini-sac-dos\/"},"modified":"2025-09-15T16:58:38","modified_gmt":"2025-09-15T14:58:38","slug":"porte-cles-mystere-disney-mini-sac-dos","status":"publish","type":"product","link":"https:\/\/pop-co.fr\/index.php\/product\/porte-cles-mystere-disney-mini-sac-dos\/","title":{"rendered":"PORTE CLES MYSTERE &#8211; DISNEY- Mini Sac \u00e0 dos loungefly"},"content":{"rendered":"<p>*ATTENTION PRODUIT AL\u00c9ATOIRE NE POUVANT \u00caTRE RETOURN\u00c9*<\/p>\n<p>Ces porte-cl\u00e9s sont tout simplement sensationnels ! Emmenez vos amis dans votre prochaine aventure avec les porte-cl\u00e9s Loungefly Mickey and Friends Mini Backpack Mystery Bag. Inspir\u00e9s de nos silhouettes classiques de mini-sacs \u00e0 dos, ces porte-cl\u00e9s transforment les six sensationnels de Disney en mini-sacs \u00e0 dos miniatures. Dans cet ensemble, vous pourrez retrouver Minnie Mouse, Mickey Mouse, Donald Duck, Pluto, Dingo ou encore Daisy Duck. Ne vous inqui\u00e9tez pas des petites choses : chaque porte-cl\u00e9s comporte \u00e9galement un petit compartiment zipp\u00e9 pour ranger les petites affaires ! Ces porte-cl\u00e9s constituent un ajout joyeux \u00e0 n&rsquo;importe quel sac ou porte-cl\u00e9s et sont parfaits pour les fans de Disney qui cherchent \u00e0 garder leurs personnages pr\u00e9f\u00e9r\u00e9s pr\u00e8s de eux.<\/p>\n<p>Les porte-cl\u00e9s sont faits de cuir v\u00e9g\u00e9talien (polyur\u00e9thane) et comprennent du mat\u00e9riel dor\u00e9 brillant. Les fonctionnalit\u00e9s suppl\u00e9mentaires incluent des appliques et des d\u00e9tails imprim\u00e9s.<\/p>\n<p>Ces porte-cl\u00e9s sont des produits Disney sous licence officielle<\/p>\n","protected":false},"excerpt":{"rendered":"<p>*ATTENTION PRODUIT AL\u00c9ATOIRE NE POUVANT \u00caTRE RETOURN\u00c9* Ces porte-cl\u00e9s sont tout simplement sensationnels ! Emmenez vos amis dans votre prochaine aventure avec les porte-cl\u00e9s Loungefly Mickey and Friends Mini Backpack Mystery Bag. Inspir\u00e9s de nos silhouettes classiques de mini-sacs \u00e0 dos, ces porte-cl\u00e9s transforment les six sensationnels de Disney en mini-sacs \u00e0 dos miniatures. Dans [&hellip;]<\/p>\n","protected":false},"featured_media":358610,"comment_status":"open","ping_status":"closed","template":"","meta":[],"product_cat":[29],"product_tag":[],"aioseo_notices":[],"jetpack_sharing_enabled":true,"_links":{"self":[{"href":"https:\/\/pop-co.fr\/index.php\/wp-json\/wp\/v2\/product\/210178"}],"collection":[{"href":"https:\/\/pop-co.fr\/index.php\/wp-json\/wp\/v2\/product"}],"about":[{"href":"https:\/\/pop-co.fr\/index.php\/wp-json\/wp\/v2\/types\/product"}],"replies":[{"embeddable":true,"href":"https:\/\/pop-co.fr\/index.php\/wp-json\/wp\/v2\/comments?post=210178"}],"version-history":[{"count":0,"href":"https:\/\/pop-co.fr\/index.php\/wp-json\/wp\/v2\/product\/210178\/revisions"}],"wp:featuredmedia":[{"embeddable":true,"href":"https:\/\/pop-co.fr\/index.php\/wp-json\/wp\/v2\/media\/358610"}],"wp:attachment":[{"href":"https:\/\/pop-co.fr\/index.php\/wp-json\/wp\/v2\/media?parent=210178"}],"wp:term":[{"taxonomy":"product_cat","embeddable":true,"href":"https:\/\/pop-co.fr\/index.php\/wp-json\/wp\/v2\/product_cat?post=210178"},{"taxonomy":"product_tag","embeddable":true,"href":"https:\/\/pop-co.fr\/index.php\/wp-json\/wp\/v2\/product_tag?post=210178"}],"curies":[{"name":"wp","href":"https:\/\/api.w.org\/{rel}","templated":true}]}}