{"id":214822,"date":"2024-11-27T11:36:36","date_gmt":"2024-11-27T10:36:36","guid":{"rendered":"https:\/\/pop-co.fr\/index.php\/product\/porte-cle-sanrio-serie-donuts-4\/"},"modified":"2025-06-28T12:02:20","modified_gmt":"2025-06-28T10:02:20","slug":"porte-cle-sanrio-serie-donuts-4","status":"publish","type":"product","link":"https:\/\/pop-co.fr\/index.php\/product\/porte-cle-sanrio-serie-donuts-4\/","title":{"rendered":"PORTE CLE &#8211; SANRIO &#8211; S\u00e9rie donuts"},"content":{"rendered":"<p>Porte-cl\u00e9s haute qualit\u00e9 sous licence officielle.<\/p>\n<p>Taille: 16 cm<\/p>\n","protected":false},"excerpt":{"rendered":"<p>Porte-cl\u00e9s haute qualit\u00e9 sous licence officielle. Taille: 16 cm<\/p>\n","protected":false},"featured_media":257287,"comment_status":"open","ping_status":"closed","template":"","meta":[],"product_cat":[80,17],"product_tag":[],"aioseo_notices":[],"jetpack_sharing_enabled":true,"_links":{"self":[{"href":"https:\/\/pop-co.fr\/index.php\/wp-json\/wp\/v2\/product\/214822"}],"collection":[{"href":"https:\/\/pop-co.fr\/index.php\/wp-json\/wp\/v2\/product"}],"about":[{"href":"https:\/\/pop-co.fr\/index.php\/wp-json\/wp\/v2\/types\/product"}],"replies":[{"embeddable":true,"href":"https:\/\/pop-co.fr\/index.php\/wp-json\/wp\/v2\/comments?post=214822"}],"version-history":[{"count":0,"href":"https:\/\/pop-co.fr\/index.php\/wp-json\/wp\/v2\/product\/214822\/revisions"}],"wp:featuredmedia":[{"embeddable":true,"href":"https:\/\/pop-co.fr\/index.php\/wp-json\/wp\/v2\/media\/257287"}],"wp:attachment":[{"href":"https:\/\/pop-co.fr\/index.php\/wp-json\/wp\/v2\/media?parent=214822"}],"wp:term":[{"taxonomy":"product_cat","embeddable":true,"href":"https:\/\/pop-co.fr\/index.php\/wp-json\/wp\/v2\/product_cat?post=214822"},{"taxonomy":"product_tag","embeddable":true,"href":"https:\/\/pop-co.fr\/index.php\/wp-json\/wp\/v2\/product_tag?post=214822"}],"curies":[{"name":"wp","href":"https:\/\/api.w.org\/{rel}","templated":true}]}}