{"id":218870,"date":"2024-12-02T16:49:09","date_gmt":"2024-12-02T15:49:09","guid":{"rendered":"https:\/\/pop-co.fr\/index.php\/product\/boules-de-noel-x7-disney-princesses\/"},"modified":"2025-06-28T12:05:44","modified_gmt":"2025-06-28T10:05:44","slug":"boules-de-noel-x7-disney-princesses","status":"publish","type":"product","link":"https:\/\/pop-co.fr\/index.php\/product\/boules-de-noel-x7-disney-princesses\/","title":{"rendered":"BOULES DE NOEL X7 &#8211; DISNEY &#8211; Princesses"},"content":{"rendered":"<p>Faites entrer la magie des princesses bien-aim\u00e9es de Disney dans la maison de vos clients ce No\u00ebl gr\u00e2ce \u00e0 cet ensemble de boules enchanteresses. Mettant en sc\u00e8ne Ariel, Belle, Cendrillon, Blanche-Neige et d&rsquo;autres, ces boules de verre scintillantes sont magnifiquement d\u00e9cor\u00e9es avec les looks embl\u00e9matiques des princesses. Accrochez-les au sapin pour ajouter une touche de charme f\u00e9erique et inspirer de joyeux souvenirs d&rsquo;enfance. Avec ses motifs d\u00e9licats et ses couleurs vives, ce lot de sept ornements immacul\u00e9s constitue un merveilleux cadeau pour les fans de Disney, petits et grands.<\/p>\n","protected":false},"excerpt":{"rendered":"<p>Faites entrer la magie des princesses bien-aim\u00e9es de Disney dans la maison de vos clients ce No\u00ebl gr\u00e2ce \u00e0 cet ensemble de boules enchanteresses. Mettant en sc\u00e8ne Ariel, Belle, Cendrillon, Blanche-Neige et d&rsquo;autres, ces boules de verre scintillantes sont magnifiquement d\u00e9cor\u00e9es avec les looks embl\u00e9matiques des princesses. Accrochez-les au sapin pour ajouter une touche de [&hellip;]<\/p>\n","protected":false},"featured_media":235543,"comment_status":"open","ping_status":"closed","template":"","meta":[],"product_cat":[29],"product_tag":[],"aioseo_notices":[],"jetpack_sharing_enabled":true,"_links":{"self":[{"href":"https:\/\/pop-co.fr\/index.php\/wp-json\/wp\/v2\/product\/218870"}],"collection":[{"href":"https:\/\/pop-co.fr\/index.php\/wp-json\/wp\/v2\/product"}],"about":[{"href":"https:\/\/pop-co.fr\/index.php\/wp-json\/wp\/v2\/types\/product"}],"replies":[{"embeddable":true,"href":"https:\/\/pop-co.fr\/index.php\/wp-json\/wp\/v2\/comments?post=218870"}],"version-history":[{"count":0,"href":"https:\/\/pop-co.fr\/index.php\/wp-json\/wp\/v2\/product\/218870\/revisions"}],"wp:featuredmedia":[{"embeddable":true,"href":"https:\/\/pop-co.fr\/index.php\/wp-json\/wp\/v2\/media\/235543"}],"wp:attachment":[{"href":"https:\/\/pop-co.fr\/index.php\/wp-json\/wp\/v2\/media?parent=218870"}],"wp:term":[{"taxonomy":"product_cat","embeddable":true,"href":"https:\/\/pop-co.fr\/index.php\/wp-json\/wp\/v2\/product_cat?post=218870"},{"taxonomy":"product_tag","embeddable":true,"href":"https:\/\/pop-co.fr\/index.php\/wp-json\/wp\/v2\/product_tag?post=218870"}],"curies":[{"name":"wp","href":"https:\/\/api.w.org\/{rel}","templated":true}]}}