{"id":228785,"date":"2024-12-10T17:22:48","date_gmt":"2024-12-10T16:22:48","guid":{"rendered":"https:\/\/pop-co.fr\/index.php\/product\/sonny-angel-collection-noel-2024-figurine-mystere-2\/"},"modified":"2025-06-28T11:59:08","modified_gmt":"2025-06-28T09:59:08","slug":"sonny-angel-collection-noel-2024-figurine-mystere-2","status":"publish","type":"product","link":"https:\/\/pop-co.fr\/index.php\/product\/sonny-angel-collection-noel-2024-figurine-mystere-2\/","title":{"rendered":"SONNY ANGEL &#8211; Collection No\u00ebl 2024  &#8211; Figurine myst\u00e8re"},"content":{"rendered":"<p>*ATTENTION PRODUIT AL\u00c9ATOIRE NE POUVANT \u00caTRE RETOURN\u00c9*<br \/>\nx1 Figurine PVC 7-10cm<br \/>\nProduit limit\u00e9 \u00e0 1 bo\u00eete en ligne.<\/p>\n<p>D\u00e9couvrez la nouvelle collection Sonny Angel Christmas Dinner ! <\/p>\n<p>Parfaites pour les collectionneurs et les amoureux de No\u00ebl, ces Sonny Angel feront briller votre sapin ou votre table de f\u00eate. Quantit\u00e9s limit\u00e9es<\/p>\n","protected":false},"excerpt":{"rendered":"<p>*ATTENTION PRODUIT AL\u00c9ATOIRE NE POUVANT \u00caTRE RETOURN\u00c9* x1 Figurine PVC 7-10cm Produit limit\u00e9 \u00e0 1 bo\u00eete en ligne. D\u00e9couvrez la nouvelle collection Sonny Angel Christmas Dinner ! Parfaites pour les collectionneurs et les amoureux de No\u00ebl, ces Sonny Angel feront briller votre sapin ou votre table de f\u00eate. Quantit\u00e9s limit\u00e9es<\/p>\n","protected":false},"featured_media":346612,"comment_status":"open","ping_status":"closed","template":"","meta":[],"product_cat":[39,67],"product_tag":[],"aioseo_notices":[],"jetpack_sharing_enabled":true,"_links":{"self":[{"href":"https:\/\/pop-co.fr\/index.php\/wp-json\/wp\/v2\/product\/228785"}],"collection":[{"href":"https:\/\/pop-co.fr\/index.php\/wp-json\/wp\/v2\/product"}],"about":[{"href":"https:\/\/pop-co.fr\/index.php\/wp-json\/wp\/v2\/types\/product"}],"replies":[{"embeddable":true,"href":"https:\/\/pop-co.fr\/index.php\/wp-json\/wp\/v2\/comments?post=228785"}],"version-history":[{"count":0,"href":"https:\/\/pop-co.fr\/index.php\/wp-json\/wp\/v2\/product\/228785\/revisions"}],"wp:featuredmedia":[{"embeddable":true,"href":"https:\/\/pop-co.fr\/index.php\/wp-json\/wp\/v2\/media\/346612"}],"wp:attachment":[{"href":"https:\/\/pop-co.fr\/index.php\/wp-json\/wp\/v2\/media?parent=228785"}],"wp:term":[{"taxonomy":"product_cat","embeddable":true,"href":"https:\/\/pop-co.fr\/index.php\/wp-json\/wp\/v2\/product_cat?post=228785"},{"taxonomy":"product_tag","embeddable":true,"href":"https:\/\/pop-co.fr\/index.php\/wp-json\/wp\/v2\/product_tag?post=228785"}],"curies":[{"name":"wp","href":"https:\/\/api.w.org\/{rel}","templated":true}]}}