{"id":2348,"date":"2024-02-20T17:59:37","date_gmt":"2024-02-20T16:59:37","guid":{"rendered":"https:\/\/pop-co.fr\/index.php\/product\/mug-3d-pokemon-salameche\/"},"modified":"2025-06-28T13:19:52","modified_gmt":"2025-06-28T11:19:52","slug":"mug-3d-pokemon-salameche","status":"publish","type":"product","link":"https:\/\/pop-co.fr\/index.php\/product\/mug-3d-pokemon-salameche\/","title":{"rendered":"MUG 3D &#8211; POKEMON &#8211; Salam\u00e8che"},"content":{"rendered":"<p>Mug 3D &#8211; 414ml<\/p>\n<p>Tasse 3D repr\u00e9sentant le personnage Salam\u00e8che sous licence Pok\u00e9mon<\/p>\n","protected":false},"excerpt":{"rendered":"<p>Mug 3D &#8211; 414ml Tasse 3D repr\u00e9sentant le personnage Salam\u00e8che sous licence Pok\u00e9mon<\/p>\n","protected":false},"featured_media":224697,"comment_status":"open","ping_status":"closed","template":"","meta":[],"product_cat":[34,20],"product_tag":[],"aioseo_notices":[],"jetpack_sharing_enabled":true,"_links":{"self":[{"href":"https:\/\/pop-co.fr\/index.php\/wp-json\/wp\/v2\/product\/2348"}],"collection":[{"href":"https:\/\/pop-co.fr\/index.php\/wp-json\/wp\/v2\/product"}],"about":[{"href":"https:\/\/pop-co.fr\/index.php\/wp-json\/wp\/v2\/types\/product"}],"replies":[{"embeddable":true,"href":"https:\/\/pop-co.fr\/index.php\/wp-json\/wp\/v2\/comments?post=2348"}],"version-history":[{"count":0,"href":"https:\/\/pop-co.fr\/index.php\/wp-json\/wp\/v2\/product\/2348\/revisions"}],"wp:featuredmedia":[{"embeddable":true,"href":"https:\/\/pop-co.fr\/index.php\/wp-json\/wp\/v2\/media\/224697"}],"wp:attachment":[{"href":"https:\/\/pop-co.fr\/index.php\/wp-json\/wp\/v2\/media?parent=2348"}],"wp:term":[{"taxonomy":"product_cat","embeddable":true,"href":"https:\/\/pop-co.fr\/index.php\/wp-json\/wp\/v2\/product_cat?post=2348"},{"taxonomy":"product_tag","embeddable":true,"href":"https:\/\/pop-co.fr\/index.php\/wp-json\/wp\/v2\/product_tag?post=2348"}],"curies":[{"name":"wp","href":"https:\/\/api.w.org\/{rel}","templated":true}]}}