{"id":2438,"date":"2024-02-20T18:01:43","date_gmt":"2024-02-20T17:01:43","guid":{"rendered":"https:\/\/pop-co.fr\/index.php\/product\/chibi-posters-x2-hatsune-miku-vocaloid\/"},"modified":"2024-05-13T16:00:49","modified_gmt":"2024-05-13T14:00:49","slug":"chibi-posters-x2-hatsune-miku-vocaloid","status":"publish","type":"product","link":"https:\/\/pop-co.fr\/index.php\/product\/chibi-posters-x2-hatsune-miku-vocaloid\/","title":{"rendered":"CHIBI POSTERS X2 &#8211; HATSUNE MIKU &#8211; Vocaloid"},"content":{"rendered":"<p>Plongez dans l&rsquo;univers musical de Miku avec ce set de deux posters chibi d&rsquo;ABYstyle ! L&rsquo;une des affiches met en sc\u00e8ne l&rsquo;adorable Hatsune Miku dans sa forme parfaite, rayonnant d&rsquo;un charisme enjou\u00e9. La seconde affiche pr\u00e9sente un ensemble de personnages chibi comprenant Miku, Kaito, Meiko, Megurine Luka, Kagamine Len et Kagamine Rin, cr\u00e9ant ainsi un ensemble vibrant et harmonieux c\u00e9l\u00e9brant les vocalo\u00efdes bien-aim\u00e9s dans leurs interpr\u00e9tations les plus mignonnes. <\/p>\n<p>&#8211; Grammage exceptionnel exclusif GB eye : 170 g\/m\u00b2 sur papier brillant. Impression haute qualit\u00e9 en offset.<br \/>\n&#8211; 2 posters emball\u00e9s dans un \u00e9tui carton \u00e0 la licence.<br \/>\n&#8211; Dimensions : 52 cm x 38 cm<\/p>\n","protected":false},"excerpt":{"rendered":"<p>Plongez dans l&rsquo;univers musical de Miku avec ce set de deux posters chibi d&rsquo;ABYstyle ! L&rsquo;une des affiches met en sc\u00e8ne l&rsquo;adorable Hatsune Miku dans sa forme parfaite, rayonnant d&rsquo;un charisme enjou\u00e9. La seconde affiche pr\u00e9sente un ensemble de personnages chibi comprenant Miku, Kaito, Meiko, Megurine Luka, Kagamine Len et Kagamine Rin, cr\u00e9ant ainsi un [&hellip;]<\/p>\n","protected":false},"featured_media":2434,"comment_status":"open","ping_status":"closed","template":"","meta":[],"product_cat":[17,18,66,76],"product_tag":[],"aioseo_notices":[],"jetpack_sharing_enabled":true,"_links":{"self":[{"href":"https:\/\/pop-co.fr\/index.php\/wp-json\/wp\/v2\/product\/2438"}],"collection":[{"href":"https:\/\/pop-co.fr\/index.php\/wp-json\/wp\/v2\/product"}],"about":[{"href":"https:\/\/pop-co.fr\/index.php\/wp-json\/wp\/v2\/types\/product"}],"replies":[{"embeddable":true,"href":"https:\/\/pop-co.fr\/index.php\/wp-json\/wp\/v2\/comments?post=2438"}],"version-history":[{"count":0,"href":"https:\/\/pop-co.fr\/index.php\/wp-json\/wp\/v2\/product\/2438\/revisions"}],"wp:featuredmedia":[{"embeddable":true,"href":"https:\/\/pop-co.fr\/index.php\/wp-json\/wp\/v2\/media\/2434"}],"wp:attachment":[{"href":"https:\/\/pop-co.fr\/index.php\/wp-json\/wp\/v2\/media?parent=2438"}],"wp:term":[{"taxonomy":"product_cat","embeddable":true,"href":"https:\/\/pop-co.fr\/index.php\/wp-json\/wp\/v2\/product_cat?post=2438"},{"taxonomy":"product_tag","embeddable":true,"href":"https:\/\/pop-co.fr\/index.php\/wp-json\/wp\/v2\/product_tag?post=2438"}],"curies":[{"name":"wp","href":"https:\/\/api.w.org\/{rel}","templated":true}]}}