{"id":2468,"date":"2024-02-20T18:02:20","date_gmt":"2024-02-20T17:02:20","guid":{"rendered":"https:\/\/pop-co.fr\/index.php\/product\/chibi-posters-x2-dr-stone-personnages\/"},"modified":"2025-07-29T11:18:33","modified_gmt":"2025-07-29T09:18:33","slug":"chibi-posters-x2-dr-stone-personnages","status":"publish","type":"product","link":"https:\/\/pop-co.fr\/index.php\/product\/chibi-posters-x2-dr-stone-personnages\/","title":{"rendered":"CHIBI POSTERS X2 &#8211; DR STONE &#8211; Personnages"},"content":{"rendered":"<p>Revivez le d\u00e9but des aventures de Naruto avec les posters de ce set par GB eye. rnrn- Grammage exceptionnel exclusif GB eye : 170 g\/m\u00b2 sur papier brillant. Impression haute qualit\u00e9 en offset. rn- 2 posters emball\u00e9s dans un \u00e9tui carton \u00e0 la licence. rn- Dimensions : 52 cm x 38 cm<\/p>\n","protected":false},"excerpt":{"rendered":"<p>Revivez le d\u00e9but des aventures de Naruto avec les posters de ce set par GB eye. rnrn- Grammage exceptionnel exclusif GB eye : 170 g\/m\u00b2 sur papier brillant. Impression haute qualit\u00e9 en offset. rn- 2 posters emball\u00e9s dans un \u00e9tui carton \u00e0 la licence. rn- Dimensions : 52 cm x 38 cm<\/p>\n","protected":false},"featured_media":356258,"comment_status":"open","ping_status":"closed","template":"","meta":[],"product_cat":[76],"product_tag":[],"aioseo_notices":[],"jetpack_sharing_enabled":true,"_links":{"self":[{"href":"https:\/\/pop-co.fr\/index.php\/wp-json\/wp\/v2\/product\/2468"}],"collection":[{"href":"https:\/\/pop-co.fr\/index.php\/wp-json\/wp\/v2\/product"}],"about":[{"href":"https:\/\/pop-co.fr\/index.php\/wp-json\/wp\/v2\/types\/product"}],"replies":[{"embeddable":true,"href":"https:\/\/pop-co.fr\/index.php\/wp-json\/wp\/v2\/comments?post=2468"}],"version-history":[{"count":0,"href":"https:\/\/pop-co.fr\/index.php\/wp-json\/wp\/v2\/product\/2468\/revisions"}],"wp:featuredmedia":[{"embeddable":true,"href":"https:\/\/pop-co.fr\/index.php\/wp-json\/wp\/v2\/media\/356258"}],"wp:attachment":[{"href":"https:\/\/pop-co.fr\/index.php\/wp-json\/wp\/v2\/media?parent=2468"}],"wp:term":[{"taxonomy":"product_cat","embeddable":true,"href":"https:\/\/pop-co.fr\/index.php\/wp-json\/wp\/v2\/product_cat?post=2468"},{"taxonomy":"product_tag","embeddable":true,"href":"https:\/\/pop-co.fr\/index.php\/wp-json\/wp\/v2\/product_tag?post=2468"}],"curies":[{"name":"wp","href":"https:\/\/api.w.org\/{rel}","templated":true}]}}