{"id":2473,"date":"2024-02-20T18:02:25","date_gmt":"2024-02-20T17:02:25","guid":{"rendered":"https:\/\/pop-co.fr\/index.php\/product\/chibi-posters-x2-dr-stone-ishigami-senku-et-personnages\/"},"modified":"2025-07-29T11:18:29","modified_gmt":"2025-07-29T09:18:29","slug":"chibi-posters-x2-dr-stone-ishigami-senku-et-personnages","status":"publish","type":"product","link":"https:\/\/pop-co.fr\/index.php\/product\/chibi-posters-x2-dr-stone-ishigami-senku-et-personnages\/","title":{"rendered":"CHIBI POSTERS X2 &#8211; DR STONE &#8211; Ishigami Senku et Personnages"},"content":{"rendered":"<p>Ce merveilleux set de 2 posters Dr Stone par GB eye ravira les plus grands fans de la licence ! <\/p>\n<p>&#8211; Grammage exceptionnel exclusif GB eye : 170 g\/m\u00b2 sur papier brillant. Impression haute qualit\u00e9 en offset.<br \/>\n&#8211; 2 posters emball\u00e9s dans un \u00e9tui carton \u00e0 la licence.<br \/>\n&#8211; Dimensions : 52 cm x 38 cm<\/p>\n","protected":false},"excerpt":{"rendered":"<p>Ce merveilleux set de 2 posters Dr Stone par GB eye ravira les plus grands fans de la licence ! &#8211; Grammage exceptionnel exclusif GB eye : 170 g\/m\u00b2 sur papier brillant. Impression haute qualit\u00e9 en offset. &#8211; 2 posters emball\u00e9s dans un \u00e9tui carton \u00e0 la licence. &#8211; Dimensions : 52 cm x 38 [&hellip;]<\/p>\n","protected":false},"featured_media":356256,"comment_status":"open","ping_status":"closed","template":"","meta":[],"product_cat":[76],"product_tag":[],"aioseo_notices":[],"jetpack_sharing_enabled":true,"_links":{"self":[{"href":"https:\/\/pop-co.fr\/index.php\/wp-json\/wp\/v2\/product\/2473"}],"collection":[{"href":"https:\/\/pop-co.fr\/index.php\/wp-json\/wp\/v2\/product"}],"about":[{"href":"https:\/\/pop-co.fr\/index.php\/wp-json\/wp\/v2\/types\/product"}],"replies":[{"embeddable":true,"href":"https:\/\/pop-co.fr\/index.php\/wp-json\/wp\/v2\/comments?post=2473"}],"version-history":[{"count":0,"href":"https:\/\/pop-co.fr\/index.php\/wp-json\/wp\/v2\/product\/2473\/revisions"}],"wp:featuredmedia":[{"embeddable":true,"href":"https:\/\/pop-co.fr\/index.php\/wp-json\/wp\/v2\/media\/356256"}],"wp:attachment":[{"href":"https:\/\/pop-co.fr\/index.php\/wp-json\/wp\/v2\/media?parent=2473"}],"wp:term":[{"taxonomy":"product_cat","embeddable":true,"href":"https:\/\/pop-co.fr\/index.php\/wp-json\/wp\/v2\/product_cat?post=2473"},{"taxonomy":"product_tag","embeddable":true,"href":"https:\/\/pop-co.fr\/index.php\/wp-json\/wp\/v2\/product_tag?post=2473"}],"curies":[{"name":"wp","href":"https:\/\/api.w.org\/{rel}","templated":true}]}}