{"id":2493,"date":"2024-02-20T18:02:49","date_gmt":"2024-02-20T17:02:49","guid":{"rendered":"https:\/\/pop-co.fr\/index.php\/product\/theiere-tasses-disney-mme-samovar-et-zip-la-belle-et-la-bete\/"},"modified":"2025-06-28T13:21:22","modified_gmt":"2025-06-28T11:21:22","slug":"theiere-tasses-disney-mme-samovar-et-zip-la-belle-et-la-bete","status":"publish","type":"product","link":"https:\/\/pop-co.fr\/index.php\/product\/theiere-tasses-disney-mme-samovar-et-zip-la-belle-et-la-bete\/","title":{"rendered":"THEIERE + TASSES &#8211; DISNEY &#8211; Mme Samovar et Zip (La belle et la b\u00eate)"},"content":{"rendered":"<p>C\u2019est la f\u00eate au ch\u00e2teau ! Invitez tous vos amis \u00e0 boire le th\u00e9 en bonne compagnie avec Samovar et Zip et profitez d\u2019un moment de d\u00e9tente dans la roseraie avec ce set La Belle et la B\u00eate comprenant une th\u00e9i\u00e8re et deux tasses par ABYstyle ! <\/p>\n<p>&#8211; Contenance th\u00e9i\u00e8re Mme Samovar : 1,4 L<br \/>\n&#8211; Contenance tasses Zip: 150 ml<br \/>\n&#8211; Mati\u00e8re : c\u00e9ramique<br \/>\n&#8211; Ne passe pas au micro-ondes ou au lave-vaisselle<\/p>\n","protected":false},"excerpt":{"rendered":"<p>C\u2019est la f\u00eate au ch\u00e2teau ! Invitez tous vos amis \u00e0 boire le th\u00e9 en bonne compagnie avec Samovar et Zip et profitez d\u2019un moment de d\u00e9tente dans la roseraie avec ce set La Belle et la B\u00eate comprenant une th\u00e9i\u00e8re et deux tasses par ABYstyle ! &#8211; Contenance th\u00e9i\u00e8re Mme Samovar : 1,4 L [&hellip;]<\/p>\n","protected":false},"featured_media":177240,"comment_status":"open","ping_status":"closed","template":"","meta":[],"product_cat":[29],"product_tag":[],"aioseo_notices":[],"jetpack_sharing_enabled":true,"_links":{"self":[{"href":"https:\/\/pop-co.fr\/index.php\/wp-json\/wp\/v2\/product\/2493"}],"collection":[{"href":"https:\/\/pop-co.fr\/index.php\/wp-json\/wp\/v2\/product"}],"about":[{"href":"https:\/\/pop-co.fr\/index.php\/wp-json\/wp\/v2\/types\/product"}],"replies":[{"embeddable":true,"href":"https:\/\/pop-co.fr\/index.php\/wp-json\/wp\/v2\/comments?post=2493"}],"version-history":[{"count":0,"href":"https:\/\/pop-co.fr\/index.php\/wp-json\/wp\/v2\/product\/2493\/revisions"}],"wp:featuredmedia":[{"embeddable":true,"href":"https:\/\/pop-co.fr\/index.php\/wp-json\/wp\/v2\/media\/177240"}],"wp:attachment":[{"href":"https:\/\/pop-co.fr\/index.php\/wp-json\/wp\/v2\/media?parent=2493"}],"wp:term":[{"taxonomy":"product_cat","embeddable":true,"href":"https:\/\/pop-co.fr\/index.php\/wp-json\/wp\/v2\/product_cat?post=2493"},{"taxonomy":"product_tag","embeddable":true,"href":"https:\/\/pop-co.fr\/index.php\/wp-json\/wp\/v2\/product_tag?post=2493"}],"curies":[{"name":"wp","href":"https:\/\/api.w.org\/{rel}","templated":true}]}}